Last updated on 2022-05-25 02:52:21 CEST.
Flavor | Version | Tinstall | Tcheck | Ttotal | Status | Flags |
---|---|---|---|---|---|---|
r-devel-linux-x86_64-debian-clang | 0.42.13 | 695.03 | 197.92 | 892.95 | OK | |
r-devel-linux-x86_64-debian-gcc | 0.42.13 | 618.57 | 156.47 | 775.04 | OK | |
r-devel-linux-x86_64-fedora-clang | 0.42.13 | 1255.77 | NOTE | |||
r-devel-linux-x86_64-fedora-gcc | 0.42.13 | 1223.87 | OK | |||
r-devel-windows-x86_64 | 0.42.13 | 471.00 | 306.00 | 777.00 | NOTE | |
r-patched-linux-x86_64 | 0.42.13 | 594.65 | 195.17 | 789.82 | OK | |
r-release-linux-x86_64 | 0.42.13 | OK | ||||
r-release-macos-arm64 | 0.42.13 | 194.00 | NOTE | |||
r-release-macos-x86_64 | 0.42.13 | 251.00 | NOTE | |||
r-release-windows-x86_64 | 0.42.13 | 465.00 | 291.00 | 756.00 | NOTE | |
r-oldrel-macos-arm64 | 0.42.13 | 172.00 | NOTE | |||
r-oldrel-macos-x86_64 | 0.42.13 | 239.00 | NOTE | |||
r-oldrel-windows-ix86+x86_64 | 0.42.13 | 1425.00 | 372.00 | 1797.00 | NOTE |
Version: 0.42.13
Check: installed package size
Result: NOTE
installed size is 35.9Mb
sub-directories of 1Mb or more:
data 1.4Mb
doc 4.4Mb
extdata 1.1Mb
include 3.0Mb
libs 25.4Mb
Flavors: r-devel-linux-x86_64-fedora-clang, r-devel-windows-x86_64, r-release-macos-arm64, r-release-macos-x86_64, r-release-windows-x86_64, r-oldrel-macos-arm64, r-oldrel-macos-x86_64, r-oldrel-windows-ix86+x86_64