CRAN Package Check Results for Package imagefluency

Last updated on 2022-05-17 13:50:02 CEST.

Flavor Version Tinstall Tcheck Ttotal Status Flags
r-devel-linux-x86_64-debian-clang 0.2.3 3.04 51.94 54.98 OK
r-devel-linux-x86_64-debian-gcc 0.2.3 2.11 38.90 41.01 OK
r-devel-linux-x86_64-fedora-clang 0.2.3 66.31 NOTE
r-devel-linux-x86_64-fedora-gcc 0.2.3 65.14 OK
r-devel-windows-x86_64 0.2.3 47.00 1869.00 1916.00 ERROR
r-patched-linux-x86_64 0.2.3 3.27 49.15 52.42 OK
r-release-linux-x86_64 0.2.3 2.66 49.56 52.22 OK
r-release-macos-arm64 0.2.3 26.00 OK
r-release-macos-x86_64 0.2.3 42.00 OK
r-release-windows-x86_64 0.2.3 36.00 1663.00 1699.00 OK
r-oldrel-macos-arm64 0.2.3 29.00 OK
r-oldrel-macos-x86_64 0.2.3 33.00 OK
r-oldrel-windows-ix86+x86_64 0.2.3 8.00 85.00 93.00 OK

Check Details

Version: 0.2.3
Check: Rd cross-references
Result: NOTE
    Undeclared packages ‘bmp’, ‘jpeg’, ‘png’, ‘tiff’ in Rd xrefs
Flavor: r-devel-linux-x86_64-fedora-clang

Version: 0.2.3
Check: re-building of vignette outputs
Result: ERROR
    Error(s) in re-building vignettes:
    --- re-building 'imagefluency.Rmd' using rmarkdown
    Could not fetch http://www.zotero.org/styles/springer-socpsych-brackets
    HttpExceptionRequest Request {
     host = "www.zotero.org"
     port = 80
     secure = False
     requestHeaders = []
     path = "/styles/springer-socpsych-brackets"
     queryString = ""
     method = "GET"
     proxy = Nothing
     rawBody = False
     redirectCount = 10
     responseTimeout = ResponseTimeoutDefault
     requestVersion = HTTP/1.1
    }
     (InternalException (HandshakeFailed Error_EOF))
    Error: processing vignette 'imagefluency.Rmd' failed with diagnostics:
    pandoc document conversion failed with error 61
    --- failed re-building 'imagefluency.Rmd'
    
    SUMMARY: processing the following file failed:
     'imagefluency.Rmd'
    
    Error: Vignette re-building failed.
    Execution halted
Flavor: r-devel-windows-x86_64