CRAN Package Check Results for Package imagefluency

Last updated on 2021-06-18 21:53:19 CEST.

Flavor Version Tinstall Tcheck Ttotal Status Flags
r-devel-linux-x86_64-debian-clang 0.2.3 2.48 39.96 42.44 OK
r-devel-linux-x86_64-debian-gcc 0.2.3 2.43 31.00 33.43 OK
r-devel-linux-x86_64-fedora-clang 0.2.3 62.23 NOTE
r-devel-linux-x86_64-fedora-gcc 0.2.3 50.38 OK
r-devel-windows-x86_64 0.2.3 6.00 95.00 101.00 OK
r-devel-windows-x86_64-gcc10-UCRT 0.2.3 OK
r-patched-linux-x86_64 0.2.3 3.45 38.21 41.66 OK
r-patched-solaris-x86 0.2.3 81.40 OK
r-release-linux-x86_64 0.2.3 3.06 38.29 41.35 OK
r-release-macos-arm64 0.2.3 OK
r-release-macos-x86_64 0.2.3 OK
r-release-windows-ix86+x86_64 0.2.3 6.00 136.00 142.00 OK
r-oldrel-macos-x86_64 0.2.3 OK
r-oldrel-windows-ix86+x86_64 0.2.3 6.00 78.00 84.00 OK

Check Details

Version: 0.2.3
Check: Rd cross-references
Result: NOTE
    Undeclared packages ‘bmp’, ‘jpeg’, ‘png’, ‘tiff’ in Rd xrefs
Flavor: r-devel-linux-x86_64-fedora-clang