CRAN Package Check Results for Package image.libfacedetection

Last updated on 2021-09-23 04:56:28 CEST.

Flavor Version Tinstall Tcheck Ttotal Status Flags
r-devel-linux-x86_64-debian-clang 0.1 54.44 40.68 95.12 OK
r-devel-linux-x86_64-debian-gcc 0.1 31.16 32.08 63.24 OK
r-devel-linux-x86_64-fedora-clang 0.1 135.97 OK
r-devel-linux-x86_64-fedora-gcc 0.1 109.20 OK
r-devel-windows-x86_64 0.1 52.00 56.00 108.00 OK
r-devel-windows-x86_64-gcc10-UCRT 0.1 ERROR
r-patched-linux-x86_64 0.1 39.59 39.68 79.27 OK
r-patched-solaris-x86 0.1 136.40 OK
r-release-linux-x86_64 0.1 38.76 39.57 78.33 OK
r-release-macos-arm64 0.1 OK
r-release-macos-x86_64 0.1 OK
r-release-windows-ix86+x86_64 0.1 125.00 73.00 198.00 NOTE
r-oldrel-macos-x86_64 0.1 OK
r-oldrel-windows-ix86+x86_64 0.1 125.00 75.00 200.00 NOTE

Check Details

Version: 0.1
Check: whether package can be installed
Result: ERROR
    Installation failed.
Flavor: r-devel-windows-x86_64-gcc10-UCRT

Version: 0.1
Check: installed package size
Result: NOTE
     installed size is 7.0Mb
     sub-directories of 1Mb or more:
     libs 6.8Mb
Flavors: r-release-windows-ix86+x86_64, r-oldrel-windows-ix86+x86_64