Last updated on 2022-06-30 17:49:47 CEST.
Flavor | Version | Tinstall | Tcheck | Ttotal | Status | Flags |
---|---|---|---|---|---|---|
r-devel-linux-x86_64-debian-clang | 0.1.0 | 67.97 | 30.30 | 98.27 | OK | |
r-devel-linux-x86_64-debian-gcc | 0.1.0 | 56.36 | 23.30 | 79.66 | OK | |
r-devel-linux-x86_64-fedora-clang | 0.1.0 | 150.62 | NOTE | |||
r-devel-linux-x86_64-fedora-gcc | 0.1.0 | 138.40 | OK | |||
r-devel-windows-x86_64 | 0.1.0 | 845.00 | 93.00 | 938.00 | NOTE | |
r-patched-linux-x86_64 | 0.1.0 | 61.27 | 28.33 | 89.60 | OK | |
r-release-linux-x86_64 | 0.1.0 | 60.07 | 28.64 | 88.71 | OK | |
r-release-macos-arm64 | 0.1.0 | 37.00 | NOTE | |||
r-release-macos-x86_64 | 0.1.0 | 52.00 | NOTE | |||
r-release-windows-x86_64 | 0.1.0 | 1556.00 | 91.00 | 1647.00 | NOTE | |
r-oldrel-macos-arm64 | 0.1.0 | 43.00 | NOTE | |||
r-oldrel-macos-x86_64 | 0.1.0 | 75.00 | NOTE | |||
r-oldrel-windows-ix86+x86_64 | 0.1.0 | 177.00 | 91.00 | 268.00 | NOTE |
Version: 0.1.0
Check: installed package size
Result: NOTE
installed size is 13.0Mb
sub-directories of 1Mb or more:
dlib-19.20 9.3Mb
libs 3.1Mb
Flavors: r-devel-linux-x86_64-fedora-clang, r-devel-windows-x86_64, r-release-macos-arm64, r-release-macos-x86_64, r-release-windows-x86_64, r-oldrel-macos-arm64, r-oldrel-macos-x86_64, r-oldrel-windows-ix86+x86_64