CRAN Package Check Results for Package image.LineSegmentDetector

Last updated on 2021-09-21 16:51:27 CEST.

Flavor Version Tinstall Tcheck Ttotal Status Flags
r-devel-linux-x86_64-debian-clang 0.1.0 20.54 38.91 59.45 OK
r-devel-linux-x86_64-debian-gcc 0.1.0 12.39 30.80 43.19 OK
r-devel-linux-x86_64-fedora-clang 0.1.0 86.30 OK
r-devel-linux-x86_64-fedora-gcc 0.1.0 70.71 OK
r-devel-windows-x86_64 0.1.0 21.00 56.00 77.00 OK
r-devel-windows-x86_64-gcc10-UCRT 0.1.0 ERROR
r-patched-linux-x86_64 0.1.0 17.92 37.14 55.06 OK
r-patched-solaris-x86 0.1.0 92.80 OK
r-release-linux-x86_64 0.1.0 16.62 37.42 54.04 OK
r-release-macos-arm64 0.1.0 OK
r-release-macos-x86_64 0.1.0 OK
r-release-windows-ix86+x86_64 0.1.0 50.00 73.00 123.00 OK
r-oldrel-macos-x86_64 0.1.0 OK
r-oldrel-windows-ix86+x86_64 0.1.0 51.00 80.00 131.00 OK

Check Details

Version: 0.1.0
Check: whether package can be installed
Result: ERROR
    Installation failed.
Flavor: r-devel-windows-x86_64-gcc10-UCRT