CRAN Package Check Results for Package image.CornerDetectionHarris

Last updated on 2021-09-21 16:51:27 CEST.

Flavor Version Tinstall Tcheck Ttotal Status Flags
r-devel-linux-x86_64-debian-clang 0.1.1 22.73 28.16 50.89 OK
r-devel-linux-x86_64-debian-gcc 0.1.1 13.54 21.47 35.01 OK
r-devel-linux-x86_64-fedora-clang 0.1.1 74.83 OK
r-devel-linux-x86_64-fedora-gcc 0.1.1 57.48 OK
r-devel-windows-x86_64 0.1.1 24.00 45.00 69.00 OK
r-devel-windows-x86_64-gcc10-UCRT 0.1.1 ERROR
r-patched-linux-x86_64 0.1.1 15.80 26.15 41.95 OK
r-patched-solaris-x86 0.1.1 70.00 OK
r-release-linux-x86_64 0.1.1 16.11 26.05 42.16 OK
r-release-macos-arm64 0.1.1 OK
r-release-macos-x86_64 0.1.1 OK
r-release-windows-ix86+x86_64 0.1.1 51.00 58.00 109.00 OK
r-oldrel-macos-x86_64 0.1.1 OK
r-oldrel-windows-ix86+x86_64 0.1.1 52.00 61.00 113.00 OK

Check Details

Version: 0.1.1
Check: whether package can be installed
Result: ERROR
    Installation failed.
Flavor: r-devel-windows-x86_64-gcc10-UCRT