CRAN Package Check Results for Package iheatmapr

Last updated on 2021-09-20 04:58:17 CEST.

Flavor Version Tinstall Tcheck Ttotal Status Flags
r-devel-linux-x86_64-debian-clang 0.5.1 10.91 77.72 88.63 OK
r-devel-linux-x86_64-debian-gcc 0.5.1 7.56 58.18 65.74 OK
r-devel-linux-x86_64-fedora-clang 0.5.1 110.18 OK
r-devel-linux-x86_64-fedora-gcc 0.5.1 99.76 OK
r-devel-windows-x86_64 0.5.1 10.00 82.00 92.00 OK
r-devel-windows-x86_64-gcc10-UCRT 0.5.1 ERROR
r-patched-linux-x86_64 0.5.1 10.85 73.14 83.99 OK
r-patched-solaris-x86 0.5.1 136.70 OK
r-release-linux-x86_64 0.5.1 7.43 73.33 80.76 OK
r-release-macos-arm64 0.5.1 OK
r-release-macos-x86_64 0.5.1 OK
r-release-windows-ix86+x86_64 0.5.1 18.00 77.00 95.00 OK
r-oldrel-macos-x86_64 0.5.1 OK
r-oldrel-windows-ix86+x86_64 0.5.1 18.00 84.00 102.00 OK

Check Details

Version: 0.5.1
Check: whether package can be installed
Result: WARN
    Found the following significant warnings:
     WARNING: installation-time patches will not be applied, could not get the patches index
Flavor: r-devel-windows-x86_64-gcc10-UCRT

Version: 0.5.1
Check: PDF version of manual
Result: WARN
    LaTeX errors when creating PDF version.
    This typically indicates Rd problems.
Flavor: r-devel-windows-x86_64-gcc10-UCRT

Version: 0.5.1
Check: PDF version of manual without hyperrefs or index
Result: ERROR
    Re-running with no redirection of stdout/stderr.
Flavor: r-devel-windows-x86_64-gcc10-UCRT