Last updated on 2022-07-06 05:54:03 CEST.
Flavor | Version | Tinstall | Tcheck | Ttotal | Status | Flags |
---|---|---|---|---|---|---|
r-devel-linux-x86_64-debian-clang | 0.1.3 | 6.46 | 66.26 | 72.72 | OK | |
r-devel-linux-x86_64-debian-gcc | 0.1.3 | 7.78 | 50.02 | 57.80 | OK | |
r-devel-linux-x86_64-fedora-clang | 0.1.3 | 102.60 | NOTE | |||
r-devel-linux-x86_64-fedora-gcc | 0.1.3 | 101.30 | NOTE | |||
r-devel-windows-x86_64 | 0.1.3 | 24.00 | 103.00 | 127.00 | OK | |
r-patched-linux-x86_64 | 0.1.3 | 8.75 | 64.46 | 73.21 | OK | |
r-release-linux-x86_64 | 0.1.3 | 6.83 | 64.06 | 70.89 | OK | |
r-release-macos-arm64 | 0.1.3 | 32.00 | NOTE | |||
r-release-macos-x86_64 | 0.1.3 | 47.00 | NOTE | |||
r-release-windows-x86_64 | 0.1.3 | 23.00 | 105.00 | 128.00 | OK | |
r-oldrel-macos-arm64 | 0.1.3 | 46.00 | NOTE | |||
r-oldrel-macos-x86_64 | 0.1.3 | 64.00 | NOTE | |||
r-oldrel-windows-ix86+x86_64 | 0.1.3 | 14.00 | 85.00 | 99.00 | OK |
Version: 0.1.3
Check: data for non-ASCII characters
Result: NOTE
Note: found 160 marked UTF-8 strings
Flavors: r-devel-linux-x86_64-fedora-clang, r-devel-linux-x86_64-fedora-gcc, r-release-macos-arm64, r-release-macos-x86_64, r-oldrel-macos-arm64, r-oldrel-macos-x86_64