CRAN Package Check Results for Package igoR

Last updated on 2021-08-01 19:51:30 CEST.

Flavor Version Tinstall Tcheck Ttotal Status Flags
r-devel-linux-x86_64-debian-clang 0.1.1 7.33 54.91 62.24 OK
r-devel-linux-x86_64-debian-gcc 0.1.1 7.36 43.07 50.43 OK
r-devel-linux-x86_64-fedora-clang 0.1.1 85.46 NOTE
r-devel-linux-x86_64-fedora-gcc 0.1.1 78.29 NOTE
r-devel-windows-x86_64 0.1.1 10.00 72.00 82.00 OK
r-devel-windows-x86_64-gcc10-UCRT 0.1.1 NOTE
r-patched-linux-x86_64 0.1.1 OK
r-patched-solaris-x86 0.1.1 117.00 NOTE
r-release-linux-x86_64 0.1.1 7.69 52.72 60.41 OK
r-release-macos-arm64 0.1.1 WARN
r-release-macos-x86_64 0.1.1 NOTE
r-release-windows-ix86+x86_64 0.1.1 14.00 75.00 89.00 OK
r-oldrel-macos-x86_64 0.1.1 NOTE
r-oldrel-windows-ix86+x86_64 0.1.1 14.00 73.00 87.00 OK

Check Details

Version: 0.1.1
Check: data for non-ASCII characters
Result: NOTE
     Note: found 160 marked UTF-8 strings
Flavors: r-devel-linux-x86_64-fedora-clang, r-devel-linux-x86_64-fedora-gcc, r-devel-windows-x86_64-gcc10-UCRT, r-patched-solaris-x86, r-release-macos-arm64, r-release-macos-x86_64, r-oldrel-macos-x86_64

Version: 0.1.1
Check: re-building of vignette outputs
Result: WARN
    Error(s) in re-building vignettes:
    --- re-building ‘igoR.Rmd’ using rmarkdown
    Warning in engine$weave(file, quiet = quiet, encoding = enc) :
     Pandoc (>= 1.12.3) not available. Falling back to R Markdown v1.
    
    Attaching package: 'dplyr'
    
    The following objects are masked from 'package:stats':
    
     filter, lag
    
    The following objects are masked from 'package:base':
    
     intersect, setdiff, setequal, union
    
    Warning in grid.Call(C_stringMetric, as.graphicsAnnot(x$label)) :
     font "Helvetica" could not be found for family "sans"
    Warning in grid.Call(C_stringMetric, as.graphicsAnnot(x$label)) :
     font "Helvetica" could not be found for family "sans"
    Warning in grid.Call(C_stringMetric, as.graphicsAnnot(x$label)) :
     font "Helvetica" could not be found for family "sans"
    Warning in grid.Call(C_stringMetric, as.graphicsAnnot(x$label)) :
     font "Helvetica" could not be found for family "sans"
    Warning in grid.Call(C_stringMetric, as.graphicsAnnot(x$label)) :
     font "Helvetica" could not be found for family "sans"
    Warning in grid.Call(C_stringMetric, as.graphicsAnnot(x$label)) :
     font "Helvetica" could not be found for family "sans"
    Warning in grid.Call(C_stringMetric, as.graphicsAnnot(x$label)) :
     font "Helvetica" could not be found for family "sans"
    Warning in grid.Call(C_stringMetric, as.graphicsAnnot(x$label)) :
     font "Helvetica" could not be found for family "sans"
    Warning in grid.Call(C_stringMetric, as.graphicsAnnot(x$label)) :
     font "Helvetica" could not be found for family "sans"
    Warning in grid.Call(C_stringMetric, as.graphicsAnnot(x$label)) :
     font "Helvetica" could not be found for family "sans"
    Warning in grid.Call(C_stringMetric, as.graphicsAnnot(x$label)) :
     font "Helvetica" could not be found for family "sans"
    Warning in grid.Call(C_stringMetric, as.graphicsAnnot(x$label)) :
     font "Helvetica" could not be found for family "sans"
    Warning in grid.Call(C_stringMetric, as.graphicsAnnot(x$label)) :
     font "Helvetica" could not be found for family "sans"
    Warning in grid.Call(C_stringMetric, as.graphicsAnnot(x$label)) :
     font "Helvetica" could not be found for family "sans"
    Warning in grid.Call(C_stringMetric, as.graphicsAnnot(x$label)) :
     font "Helvetica" could not be found for family "sans"
    Warning in grid.Call(C_stringMetric, as.graphicsAnnot(x$label)) :
     font "Helvetica" could not be found for family "sans"
    Warning in grid.Call(C_stringMetric, as.graphicsAnnot(x$label)) :
     font "Helvetica" could not be found for family "sans"
    Warning in grid.Call(C_stringMetric, as.graphicsAnnot(x$label)) :
     font "Helvetica" could not be found for family "sans"
    Warning in grid.Call(C_stringMetric, as.graphicsAnnot(x$label)) :
     font "Helvetica" could not be found for family "sans"
    Warning in grid.Call(C_stringMetric, as.graphicsAnnot(x$label)) :
     font "Helvetica" could not be found for family "sans"
    Warning in grid.Call(C_stringMetric, as.graphicsAnnot(x$label)) :
     font "Helvetica" could not be found for family "sans"
    Warning in grid.Call(C_stringMetric, as.graphicsAnnot(x$label)) :
     font "Helvetica" could not be found for family "sans"
    Warning in grid.Call(C_stringMetric, as.graphicsAnnot(x$label)) :
     font "Helvetica" could not be found for family "sans"
    Warning in grid.Call(C_stringMetric, as.graphicsAnnot(x$label)) :
     font "Helvetica" could not be found for family "sans"
    Warning in grid.Call(C_stringMetric, as.graphicsAnnot(x$label)) :
     font "Helvetica" could not be found for family "sans"
    Warning in grid.Call(C_stringMetric, as.graphicsAnnot(x$label)) :
     font "Helvetica" could not be found for family "sans"
    Warning in grid.Call(C_stringMetric, as.graphicsAnnot(x$label)) :
     font "Helvetica" could not be found for family "sans"
    Warning in grid.Call(C_stringMetric, as.graphicsAnnot(x$label)) :
     font "Helvetica" could not be found for family "sans"
    Warning in grid.Call(C_textBounds, as.graphicsAnnot(x$label), x$x, x$y, :
     font "Helvetica" could not be found for family "sans"
    Quitting from lines 122-148 (igoR.Rmd)
    Error: processing vignette 'igoR.Rmd' failed with diagnostics:
    polygon edge not found
    --- failed re-building ‘igoR.Rmd’
    
    SUMMARY: processing the following file failed:
     ‘igoR.Rmd’
    
    Error: Vignette re-building failed.
    Execution halted
Flavor: r-release-macos-arm64