CRAN Package Check Results for Package ie2misc

Last updated on 2021-06-18 21:53:19 CEST.

Flavor Version Tinstall Tcheck Ttotal Status Flags
r-devel-linux-x86_64-debian-clang 0.8.6 17.22 88.81 106.03 NOTE
r-devel-linux-x86_64-debian-gcc 0.8.6 11.97 67.32 79.29 NOTE
r-devel-linux-x86_64-fedora-clang 0.8.6 138.94 NOTE
r-devel-linux-x86_64-fedora-gcc 0.8.6 125.72 NOTE
r-devel-windows-x86_64 0.8.6 18.00 76.00 94.00 NOTE
r-devel-windows-x86_64-gcc10-UCRT 0.8.6 NOTE
r-patched-linux-x86_64 0.8.6 20.09 85.02 105.11 NOTE
r-patched-solaris-x86 0.8.6 187.90 NOTE
r-release-linux-x86_64 0.8.6 14.13 85.38 99.51 NOTE
r-release-macos-arm64 0.8.6 NOTE
r-release-macos-x86_64 0.8.6 NOTE
r-release-windows-ix86+x86_64 0.8.6 24.00 99.00 123.00 NOTE
r-oldrel-macos-x86_64 0.8.6 OK
r-oldrel-windows-ix86+x86_64 0.8.6 19.00 97.00 116.00 OK

Check Details

Version: 0.8.6
Check: LazyData
Result: NOTE
     'LazyData' is specified without a 'data' directory
Flavors: r-devel-linux-x86_64-debian-clang, r-devel-linux-x86_64-debian-gcc, r-devel-linux-x86_64-fedora-clang, r-devel-linux-x86_64-fedora-gcc, r-devel-windows-x86_64, r-devel-windows-x86_64-gcc10-UCRT, r-patched-linux-x86_64, r-patched-solaris-x86, r-release-linux-x86_64, r-release-macos-arm64, r-release-macos-x86_64, r-release-windows-ix86+x86_64

Version: 0.8.6
Check: Rd cross-references
Result: NOTE
    Undeclared package ‘moments’ in Rd xrefs
Flavor: r-devel-linux-x86_64-fedora-clang

Version: 0.8.6
Check: package dependencies
Result: NOTE
    Package suggested but not available for checking: ‘iemisc’
Flavor: r-release-macos-arm64