CRAN Package Check Results for Package idefix

Last updated on 2022-05-21 14:53:17 CEST.

Flavor Version Tinstall Tcheck Ttotal Status Flags
r-devel-linux-x86_64-debian-clang 1.0.3 44.49 81.37 125.86 OK
r-devel-linux-x86_64-debian-gcc 1.0.3 37.01 61.11 98.12 OK
r-devel-linux-x86_64-fedora-clang 1.0.3 179.07 NOTE
r-devel-linux-x86_64-fedora-gcc 1.0.3 155.88 OK
r-devel-windows-x86_64 1.0.3 51.00 120.00 171.00 OK
r-patched-linux-x86_64 1.0.3 39.34 77.21 116.55 OK
r-release-linux-x86_64 1.0.3 39.13 77.17 116.30 OK
r-release-macos-arm64 1.0.3 41.00 OK
r-release-macos-x86_64 1.0.3 73.00 OK
r-release-windows-x86_64 1.0.3 57.00 125.00 182.00 OK
r-oldrel-macos-arm64 1.0.3 41.00 OK
r-oldrel-macos-x86_64 1.0.3 54.00 OK
r-oldrel-windows-ix86+x86_64 1.0.3 115.00 154.00 269.00 OK

Check Details

Version: 1.0.3
Check: Rd cross-references
Result: NOTE
    Undeclared packages ‘mlogit’, ‘logitr’ in Rd xrefs
Flavor: r-devel-linux-x86_64-fedora-clang