CRAN Package Check Results for Package icpsrdata

Last updated on 2022-01-25 12:55:36 CET.

Flavor Version Tinstall Tcheck Ttotal Status Flags
r-devel-linux-x86_64-debian-clang 0.5.0 1.81 36.31 38.12 NOTE
r-devel-linux-x86_64-debian-gcc 0.5.0 2.15 28.62 30.77 NOTE
r-devel-linux-x86_64-fedora-clang 0.5.0 48.43 NOTE
r-devel-linux-x86_64-fedora-gcc 0.5.0 36.57 NOTE
r-devel-windows-x86_64-new-UL 0.5.0 28.00 64.00 92.00 NOTE
r-devel-windows-x86_64-new-TK 0.5.0 NOTE
r-patched-linux-x86_64 0.5.0 1.70 34.22 35.92 NOTE
r-release-linux-x86_64 0.5.0 1.85 33.91 35.76 NOTE
r-release-macos-arm64 0.5.0 NOTE
r-release-macos-x86_64 0.5.0 NOTE
r-release-windows-ix86+x86_64 0.5.0 6.00 45.00 51.00 NOTE
r-oldrel-macos-x86_64 0.5.0 OK
r-oldrel-windows-ix86+x86_64 0.5.0 7.00 46.00 53.00 OK

Check Details

Version: 0.5.0
Check: LazyData
Result: NOTE
     'LazyData' is specified without a 'data' directory
Flavors: r-devel-linux-x86_64-debian-clang, r-devel-linux-x86_64-debian-gcc, r-devel-linux-x86_64-fedora-clang, r-devel-linux-x86_64-fedora-gcc, r-devel-windows-x86_64-new-UL, r-devel-windows-x86_64-new-TK, r-patched-linux-x86_64, r-release-linux-x86_64, r-release-macos-arm64, r-release-macos-x86_64, r-release-windows-ix86+x86_64