CRAN Package Check Results for Package ibmAcousticR

Last updated on 2022-07-03 05:49:51 CEST.

Flavor Version Tinstall Tcheck Ttotal Status Flags
r-devel-linux-x86_64-debian-clang 0.2.1 2.42 31.56 33.98 NOTE
r-devel-linux-x86_64-debian-gcc 0.2.1 2.34 24.21 26.55 NOTE
r-devel-linux-x86_64-fedora-clang 0.2.1 51.34 NOTE
r-devel-linux-x86_64-fedora-gcc 0.2.1 50.85 NOTE
r-devel-windows-x86_64 0.2.1 20.00 55.00 75.00 NOTE
r-patched-linux-x86_64 0.2.1 3.59 30.21 33.80 NOTE
r-release-linux-x86_64 0.2.1 3.38 30.46 33.84 NOTE
r-release-macos-arm64 0.2.1 19.00 NOTE
r-release-macos-x86_64 0.2.1 24.00 NOTE
r-release-windows-x86_64 0.2.1 20.00 58.00 78.00 NOTE
r-oldrel-macos-arm64 0.2.1 20.00 NOTE
r-oldrel-macos-x86_64 0.2.1 30.00 NOTE
r-oldrel-windows-ix86+x86_64 0.2.1 7.00 53.00 60.00 NOTE

Check Details

Version: 0.2.1
Check: LazyData
Result: NOTE
     'LazyData' is specified without a 'data' directory
Flavors: r-devel-linux-x86_64-debian-clang, r-devel-linux-x86_64-debian-gcc, r-devel-linux-x86_64-fedora-clang, r-devel-linux-x86_64-fedora-gcc, r-devel-windows-x86_64, r-patched-linux-x86_64, r-release-linux-x86_64, r-release-macos-arm64, r-release-macos-x86_64, r-release-windows-x86_64, r-oldrel-macos-arm64, r-oldrel-macos-x86_64, r-oldrel-windows-ix86+x86_64