CRAN Package Check Results for Package ibm

Last updated on 2022-10-02 11:54:15 CEST.

Flavor Version Tinstall Tcheck Ttotal Status Flags
r-devel-linux-x86_64-debian-clang 0.1.0 10.51 30.65 41.16 OK
r-devel-linux-x86_64-debian-gcc 0.1.0 7.71 23.82 31.53 OK
r-devel-linux-x86_64-fedora-clang 0.1.0 67.14 NOTE
r-devel-linux-x86_64-fedora-gcc 0.1.0 59.96 NOTE
r-devel-windows-x86_64 0.1.0 77.00 79.00 156.00 OK
r-patched-linux-x86_64 0.1.0 10.89 29.44 40.33 OK
r-release-linux-x86_64 0.1.0 10.84 29.53 40.37 OK
r-release-macos-arm64 0.1.0 21.00 OK
r-release-macos-x86_64 0.1.0 33.00 OK
r-release-windows-x86_64 0.1.0 15.00 73.00 88.00 OK
r-oldrel-macos-arm64 0.1.0 23.00 OK
r-oldrel-macos-x86_64 0.1.0 52.00 OK
r-oldrel-windows-ix86+x86_64 0.1.0 27.00 76.00 103.00 OK

Check Details

Version: 0.1.0
Check: compiled code
Result: NOTE
    File ‘ibm/libs/ibm.so’:
     Found no calls to: ‘R_registerRoutines’, ‘R_useDynamicSymbols’
    
    It is good practice to register native routines and to disable symbol
    search.
    
    See ‘Writing portable packages’ in the ‘Writing R Extensions’ manual.
Flavors: r-devel-linux-x86_64-fedora-clang, r-devel-linux-x86_64-fedora-gcc