CRAN Package Check Results for Package ibd

Last updated on 2021-09-21 16:51:26 CEST.

Flavor Version Tinstall Tcheck Ttotal Status Flags
r-devel-linux-x86_64-debian-clang 1.5 13.83 100.93 114.76 OK
r-devel-linux-x86_64-debian-gcc 1.5 10.65 76.11 86.76 OK
r-devel-linux-x86_64-fedora-clang 1.5 147.77 OK
r-devel-linux-x86_64-fedora-gcc 1.5 135.84 OK
r-devel-windows-x86_64 1.5 14.00 97.00 111.00 OK
r-devel-windows-x86_64-gcc10-UCRT 1.5 ERROR
r-patched-linux-x86_64 1.5 14.63 96.88 111.51 OK
r-patched-solaris-x86 1.5 210.20 OK
r-release-linux-x86_64 1.5 13.52 97.61 111.13 OK
r-release-macos-arm64 1.5 OK
r-release-macos-x86_64 1.5 OK
r-release-windows-ix86+x86_64 1.5 29.00 99.00 128.00 OK
r-oldrel-macos-x86_64 1.5 OK
r-oldrel-windows-ix86+x86_64 1.5 27.00 92.00 119.00 OK

Check Details

Version: 1.5
Check: whether package can be installed
Result: WARN
    Found the following significant warnings:
     WARNING: installation-time patches will not be applied, could not get the patches index
Flavor: r-devel-windows-x86_64-gcc10-UCRT

Version: 1.5
Check: PDF version of manual
Result: WARN
    LaTeX errors when creating PDF version.
    This typically indicates Rd problems.
Flavor: r-devel-windows-x86_64-gcc10-UCRT

Version: 1.5
Check: PDF version of manual without hyperrefs or index
Result: ERROR
    Re-running with no redirection of stdout/stderr.
Flavor: r-devel-windows-x86_64-gcc10-UCRT