CRAN Package Check Results for Package hydroscoper

Last updated on 2021-08-01 19:51:29 CEST.

Flavor Version Tinstall Tcheck Ttotal Status Flags
r-devel-linux-x86_64-debian-clang 1.4.1 2.82 39.99 42.81 OK
r-devel-linux-x86_64-debian-gcc 1.4.1 2.30 30.67 32.97 OK
r-devel-linux-x86_64-fedora-clang 1.4.1 58.70 NOTE
r-devel-linux-x86_64-fedora-gcc 1.4.1 50.38 NOTE
r-devel-windows-x86_64 1.4.1 4.00 54.00 58.00 OK
r-devel-windows-x86_64-gcc10-UCRT 1.4.1 NOTE
r-patched-linux-x86_64 1.4.1 OK
r-patched-solaris-x86 1.4.1 74.70 NOTE
r-release-linux-x86_64 1.4.1 2.28 37.67 39.95 OK
r-release-macos-arm64 1.4.1 WARN
r-release-macos-x86_64 1.4.1 NOTE
r-release-windows-ix86+x86_64 1.4.1 6.00 52.00 58.00 OK
r-oldrel-macos-x86_64 1.4.1 NOTE
r-oldrel-windows-ix86+x86_64 1.4.1 5.00 52.00 57.00 OK

Check Details

Version: 1.4.1
Check: data for non-ASCII characters
Result: NOTE
     Note: found 3026 marked UTF-8 strings
Flavors: r-devel-linux-x86_64-fedora-clang, r-devel-linux-x86_64-fedora-gcc, r-devel-windows-x86_64-gcc10-UCRT, r-patched-solaris-x86, r-release-macos-arm64, r-release-macos-x86_64, r-oldrel-macos-x86_64

Version: 1.4.1
Check: re-building of vignette outputs
Result: WARN
    Error(s) in re-building vignettes:
     ...
    --- re-building ‘intro_hydroscoper.Rmd’ using rmarkdown
    Warning in engine$weave(file, quiet = quiet, encoding = enc) :
     Pandoc (>= 1.12.3) not available. Falling back to R Markdown v1.
    Quitting from lines 128-138 (intro_hydroscoper.Rmd)
    Error: processing vignette 'intro_hydroscoper.Rmd' failed with diagnostics:
    polygon edge not found
    --- failed re-building ‘intro_hydroscoper.Rmd’
    
    --- re-building ‘stations_with_data.Rmd’ using rmarkdown
    Warning in engine$weave(file, quiet = quiet, encoding = enc) :
     Pandoc (>= 1.12.3) not available. Falling back to R Markdown v1.
    Quitting from lines 50-61 (stations_with_data.Rmd)
    Error: processing vignette 'stations_with_data.Rmd' failed with diagnostics:
    polygon edge not found
    --- failed re-building ‘stations_with_data.Rmd’
    
    SUMMARY: processing the following files failed:
     ‘intro_hydroscoper.Rmd’ ‘stations_with_data.Rmd’
    
    Error: Vignette re-building failed.
    Execution halted
Flavor: r-release-macos-arm64