CRAN Package Check Results for Package htmltools

Last updated on 2021-07-25 07:50:04 CEST.

Flavor Version Tinstall Tcheck Ttotal Status Flags
r-devel-linux-x86_64-debian-clang 0.5.1.1 5.31 38.50 43.81 OK
r-devel-linux-x86_64-debian-gcc 0.5.1.1 4.51 29.94 34.45 OK
r-devel-linux-x86_64-fedora-clang 0.5.1.1 62.89 OK
r-devel-linux-x86_64-fedora-gcc 0.5.1.1 52.26 OK
r-devel-windows-x86_64 0.5.1.1 1.00 6.00 7.00 ERROR
r-devel-windows-x86_64-gcc10-UCRT 0.5.1.1 OK
r-patched-linux-x86_64 0.5.1.1 6.22 37.37 43.59 OK
r-patched-solaris-x86 0.5.1.1 74.60 OK
r-release-linux-x86_64 0.5.1.1 5.37 37.26 42.63 OK
r-release-macos-arm64 0.5.1.1 OK
r-release-macos-x86_64 0.5.1.1 OK
r-release-windows-ix86+x86_64 0.5.1.1 12.00 53.00 65.00 OK
r-oldrel-macos-x86_64 0.5.1.1 OK
r-oldrel-windows-ix86+x86_64 0.5.1.1 27.00 68.00 95.00 OK

Additional issues

M1mac

Check Details

Version: 0.5.1.1
Check: whether package can be installed
Result: ERROR
    Installation failed.
Flavor: r-devel-windows-x86_64