CRAN Package Check Results for Package hsstan

Last updated on 2021-12-06 23:50:49 CET.

Flavor Version Tinstall Tcheck Ttotal Status Flags
r-devel-linux-x86_64-debian-clang 0.8.1 425.55 138.75 564.30 OK
r-devel-linux-x86_64-debian-gcc 0.8.1 397.76 126.06 523.82 OK
r-devel-linux-x86_64-fedora-clang 0.8.1 824.75 NOTE
r-devel-linux-x86_64-fedora-gcc 0.8.1 890.80 NOTE
r-devel-windows-x86_64-new-UL 0.8.1 491.00 308.00 799.00 OK
r-devel-windows-x86_64-new-TK 0.8.1 WARN
r-devel-windows-x86_64-old 0.8.1 526.00 279.00 805.00 OK
r-patched-linux-x86_64 0.8.1 363.60 147.91 511.51 OK
r-release-linux-x86_64 0.8.1 356.03 156.94 512.97 OK
r-release-macos-arm64 0.8.1 NOTE
r-release-macos-x86_64 0.8.1 NOTE
r-release-windows-ix86+x86_64 0.8.1 1010.00 442.00 1452.00 NOTE
r-oldrel-macos-x86_64 0.8.1 NOTE
r-oldrel-windows-ix86+x86_64 0.8.1 958.00 8.00 966.00 ERROR

Check Details

Version: 0.8.1
Check: installed package size
Result: NOTE
     installed size is 57.5Mb
     sub-directories of 1Mb or more:
     libs 56.9Mb
Flavors: r-devel-linux-x86_64-fedora-clang, r-release-macos-arm64, r-release-macos-x86_64, r-release-windows-ix86+x86_64, r-oldrel-macos-x86_64

Version: 0.8.1
Check: dependencies in R code
Result: NOTE
    Namespace in Imports field not imported from: ‘RcppParallel’
     All declared Imports should be used.
Flavors: r-devel-linux-x86_64-fedora-clang, r-devel-linux-x86_64-fedora-gcc, r-devel-windows-x86_64-new-TK, r-release-macos-arm64, r-release-macos-x86_64, r-oldrel-macos-x86_64

Version: 0.8.1
Check: for GNU extensions in Makefiles
Result: NOTE
    GNU make is a SystemRequirements.
Flavors: r-devel-linux-x86_64-fedora-clang, r-devel-linux-x86_64-fedora-gcc, r-devel-windows-x86_64-new-TK, r-release-macos-arm64, r-release-macos-x86_64, r-oldrel-macos-x86_64

Version: 0.8.1
Check: line endings in C/C++/Fortran sources/headers
Result: NOTE
    Found the following sources/headers with CR or CRLF line endings:
     src/RcppExports.cpp
     src/stanExports_base0.cc
     src/stanExports_base0.h
     src/stanExports_base0_logit.cc
     src/stanExports_base0_logit.h
     src/stanExports_hs.cc
     src/stanExports_hs.h
     src/stanExports_hs_logit.cc
     src/stanExports_hs_logit.h
    Some Unix compilers require LF line endings.
Flavor: r-devel-windows-x86_64-new-TK

Version: 0.8.1
Check: line endings in Makefiles
Result: WARN
    Found the following Makefile(s) with CR or CRLF line endings:
     src/Makevars
    Some Unix 'make' programs require LF line endings.
Flavor: r-devel-windows-x86_64-new-TK

Version: 0.8.1
Check: whether package can be installed
Result: ERROR
    Installation failed.
Flavor: r-oldrel-windows-ix86+x86_64