CRAN Package Check Results for Package hsphase

Last updated on 2022-01-23 00:57:14 CET.

Flavor Version Tinstall Tcheck Ttotal Status Flags
r-devel-linux-x86_64-debian-clang 2.0.2 64.64 64.82 129.46 OK
r-devel-linux-x86_64-debian-gcc 2.0.2 44.46 48.55 93.01 OK
r-devel-linux-x86_64-fedora-clang 2.0.2 195.67 NOTE
r-devel-linux-x86_64-fedora-gcc 2.0.2 160.72 NOTE
r-devel-windows-x86_64-new-UL 2.0.2 84.00 116.00 200.00 OK
r-devel-windows-x86_64-new-TK 2.0.2 OK
r-patched-linux-x86_64 2.0.2 57.43 63.10 120.53 OK
r-release-linux-x86_64 2.0.2 55.52 61.69 117.21 OK
r-release-macos-arm64 2.0.2 OK
r-release-macos-x86_64 2.0.2 OK
r-release-windows-ix86+x86_64 2.0.2 168.00 106.00 274.00 OK
r-oldrel-macos-x86_64 2.0.2 OK
r-oldrel-windows-ix86+x86_64 2.0.2 168.00 107.00 275.00 OK

Check Details

Version: 2.0.2
Check: compiled code
Result: NOTE
    File ‘hsphase/libs/hsphase.so’:
     Found no calls to: ‘R_registerRoutines’, ‘R_useDynamicSymbols’
    
    It is good practice to register native routines and to disable symbol
    search.
    
    See ‘Writing portable packages’ in the ‘Writing R Extensions’ manual.
Flavors: r-devel-linux-x86_64-fedora-clang, r-devel-linux-x86_64-fedora-gcc