CRAN Package Check Results for Package hpcwld

Last updated on 2021-09-20 16:50:35 CEST.

Flavor Version Tinstall Tcheck Ttotal Status Flags
r-devel-linux-x86_64-debian-clang 0.5 3.40 40.53 43.93 NOTE
r-devel-linux-x86_64-debian-gcc 0.5 2.91 30.90 33.81 NOTE
r-devel-linux-x86_64-fedora-clang 0.5 60.22 NOTE
r-devel-linux-x86_64-fedora-gcc 0.5 50.60 NOTE
r-devel-windows-x86_64 0.5 5.00 46.00 51.00 NOTE
r-devel-windows-x86_64-gcc10-UCRT 0.5 ERROR
r-patched-linux-x86_64 0.5 3.67 38.57 42.24 NOTE
r-patched-solaris-x86 0.5 74.30 NOTE
r-release-linux-x86_64 0.5 3.93 38.48 42.41 NOTE
r-release-macos-arm64 0.5 NOTE
r-release-macos-x86_64 0.5 NOTE
r-release-windows-ix86+x86_64 0.5 10.00 46.00 56.00 NOTE
r-oldrel-macos-x86_64 0.5 NOTE
r-oldrel-windows-ix86+x86_64 0.5 9.00 49.00 58.00 NOTE

Check Details

Version: 0.5
Check: R code for possible problems
Result: NOTE
    ApproxC: no visible global function definition for 'convolve'
    DMC: no visible global function definition for 'median'
    DMC: no visible global function definition for 'ecdf'
    ToSWF: no visible global function definition for 'write.table'
    Undefined global functions or variables:
     convolve ecdf median write.table
    Consider adding
     importFrom("stats", "convolve", "ecdf", "median")
     importFrom("utils", "write.table")
    to your NAMESPACE file.
Flavors: r-devel-linux-x86_64-debian-clang, r-devel-linux-x86_64-debian-gcc, r-devel-linux-x86_64-fedora-clang, r-devel-linux-x86_64-fedora-gcc, r-devel-windows-x86_64, r-devel-windows-x86_64-gcc10-UCRT, r-patched-linux-x86_64, r-patched-solaris-x86, r-release-linux-x86_64, r-release-macos-arm64, r-release-macos-x86_64, r-release-windows-ix86+x86_64, r-oldrel-macos-x86_64, r-oldrel-windows-ix86+x86_64

Version: 0.5
Check: for non-standard things in the check directory
Result: NOTE
    Found the following files/directories:
     'output.swf'
Flavors: r-devel-linux-x86_64-debian-clang, r-devel-linux-x86_64-debian-gcc, r-devel-linux-x86_64-fedora-clang, r-devel-linux-x86_64-fedora-gcc, r-patched-linux-x86_64, r-patched-solaris-x86, r-release-linux-x86_64

Version: 0.5
Check: whether package can be installed
Result: WARN
    Found the following significant warnings:
     WARNING: installation-time patches will not be applied, could not get the patches index
Flavor: r-devel-windows-x86_64-gcc10-UCRT

Version: 0.5
Check: PDF version of manual
Result: WARN
    LaTeX errors when creating PDF version.
    This typically indicates Rd problems.
Flavor: r-devel-windows-x86_64-gcc10-UCRT

Version: 0.5
Check: PDF version of manual without hyperrefs or index
Result: ERROR
    Re-running with no redirection of stdout/stderr.
Flavor: r-devel-windows-x86_64-gcc10-UCRT