CRAN Package Check Results for Package hpa

Last updated on 2021-10-18 04:54:21 CEST.

Flavor Version Tinstall Tcheck Ttotal Status Flags
r-devel-linux-x86_64-debian-clang 1.2.1 202.36 34.60 236.96 OK
r-devel-linux-x86_64-debian-gcc 1.2.1 160.36 27.59 187.95 OK
r-devel-linux-x86_64-fedora-clang 1.2.1 389.45 NOTE
r-devel-linux-x86_64-fedora-gcc 1.2.1 365.64 OK
r-devel-windows-x86_64 1.2.1 259.00 66.00 325.00 OK
r-devel-windows-x86_64-gcc10-UCRT 1.2.1 OK
r-patched-linux-x86_64 1.2.1 193.10 33.76 226.86 OK
r-patched-solaris-x86 1.2.1 300.40 OK
r-release-linux-x86_64 1.2.1 182.52 33.30 215.82 OK
r-release-macos-arm64 1.2.1 NOTE
r-release-macos-x86_64 1.2.1 NOTE
r-release-windows-ix86+x86_64 1.2.1 359.00 93.00 452.00 OK
r-oldrel-macos-x86_64 1.2.1 NOTE
r-oldrel-windows-ix86+x86_64 1.2.1 511.00 86.00 597.00 OK

Check Details

Version: 1.2.1
Check: installed package size
Result: NOTE
     installed size is 14.0Mb
     sub-directories of 1Mb or more:
     libs 13.7Mb
Flavors: r-devel-linux-x86_64-fedora-clang, r-release-macos-arm64, r-release-macos-x86_64, r-oldrel-macos-x86_64