CRAN Package Check Results for Package hoa

Last updated on 2021-09-18 05:02:33 CEST.

Flavor Version Tinstall Tcheck Ttotal Status Flags
r-devel-linux-x86_64-debian-clang 2.1.4.1 19.80 145.91 165.71 OK
r-devel-linux-x86_64-debian-gcc 2.1.4.1 15.88 107.05 122.93 OK
r-devel-linux-x86_64-fedora-clang 2.1.4.1 203.12 NOTE
r-devel-linux-x86_64-fedora-gcc 2.1.4.1 191.46 OK
r-devel-windows-x86_64 2.1.4.1 20.00 174.00 194.00 OK
r-devel-windows-x86_64-gcc10-UCRT 2.1.4.1 OK
r-patched-linux-x86_64 2.1.4.1 21.88 138.51 160.39 OK
r-patched-solaris-x86 2.1.4.1 235.90 OK
r-release-linux-x86_64 2.1.4.1 16.69 136.22 152.91 OK
r-release-macos-arm64 2.1.4.1 OK
r-release-macos-x86_64 2.1.4.1 OK
r-release-windows-ix86+x86_64 2.1.4.1 33.00 125.00 158.00 OK
r-oldrel-macos-x86_64 2.1.4.1 OK
r-oldrel-windows-ix86+x86_64 2.1.4.1 33.00 139.00 172.00 OK

Check Details

Version: 2.1.4.1
Check: Rd cross-references
Result: NOTE
    Undeclared packages ‘nlreg’, ‘cond’, ‘marg’ in Rd xrefs
Flavor: r-devel-linux-x86_64-fedora-clang