CRAN Package Check Results for Package hms

Last updated on 2021-08-05 20:05:56 CEST.

Flavor Version Tinstall Tcheck Ttotal Status Flags
r-devel-linux-x86_64-debian-clang 1.1.0 2.69 35.10 37.79 OK
r-devel-linux-x86_64-debian-gcc 1.1.0 2.56 27.13 29.69 OK
r-devel-linux-x86_64-fedora-clang 1.1.0 55.36 OK
r-devel-linux-x86_64-fedora-gcc 1.1.0 43.56 OK
r-devel-windows-x86_64 1.1.0 5.00 52.00 57.00 OK
r-devel-windows-x86_64-gcc10-UCRT 1.1.0 ERROR
r-patched-linux-x86_64 1.1.0 5.41 33.67 39.08 OK
r-patched-solaris-x86 1.1.0 64.60 OK
r-release-linux-x86_64 1.1.0 2.94 34.26 37.20 OK
r-release-macos-arm64 1.1.0 OK
r-release-macos-x86_64 1.1.0 OK
r-release-windows-ix86+x86_64 1.1.0 6.00 53.00 59.00 OK
r-oldrel-macos-x86_64 1.1.0 OK
r-oldrel-windows-ix86+x86_64 1.1.0 6.00 50.00 56.00 OK

Check Details

Version: 1.1.0
Check: package dependencies
Result: NOTE
    Packages suggested but not available for checking: 'pillar', 'testthat'
Flavor: r-devel-windows-x86_64-gcc10-UCRT

Version: 1.1.0
Check: tests
Result: ERROR
     Running 'testthat.R'
    Running the tests in 'tests/testthat.R' failed.
    Complete output:
     > library(testthat)
     Error in library(testthat) : there is no package called 'testthat'
     Execution halted
Flavor: r-devel-windows-x86_64-gcc10-UCRT