CRAN Package Check Results for Package hmm.discnp

Last updated on 2021-12-03 11:51:51 CET.

Flavor Version Tinstall Tcheck Ttotal Status Flags
r-devel-linux-x86_64-debian-clang 3.0-6 7.94 51.64 59.58 OK
r-devel-linux-x86_64-debian-gcc 3.0-6 6.14 37.52 43.66 OK
r-devel-linux-x86_64-fedora-clang 3.0-6 82.24 NOTE
r-devel-linux-x86_64-fedora-gcc 3.0-6 71.10 OK
r-devel-windows-x86_64-new-UL 3.0-6 25.00 93.00 118.00 OK
r-devel-windows-x86_64-new-TK 3.0-6 OK
r-devel-windows-x86_64-old 3.0-6 16.00 52.00 68.00 OK
r-patched-linux-x86_64 3.0-6 8.94 48.66 57.60 OK
r-patched-solaris-x86 3.0-6 92.00 OK
r-release-linux-x86_64 3.0-6 7.12 48.60 55.72 OK
r-release-macos-arm64 3.0-6 OK
r-release-macos-x86_64 3.0-6 OK
r-release-windows-ix86+x86_64 3.0-6 21.00 83.00 104.00 OK
r-oldrel-macos-x86_64 3.0-6 OK
r-oldrel-windows-ix86+x86_64 3.0-6 22.00 84.00 106.00 OK

Check Details

Version: 3.0-6
Check: Rd cross-references
Result: NOTE
    Undeclared package ‘HMM’ in Rd xrefs
Flavor: r-devel-linux-x86_64-fedora-clang