CRAN Package Check Results for Package hkevp

Last updated on 2022-01-23 00:57:14 CET.

Flavor Version Tinstall Tcheck Ttotal Status Flags
r-devel-linux-x86_64-debian-clang 1.1.4 49.47 59.87 109.34 OK
r-devel-linux-x86_64-debian-gcc 1.1.4 37.23 43.50 80.73 OK
r-devel-linux-x86_64-fedora-clang 1.1.4 150.97 NOTE
r-devel-linux-x86_64-fedora-gcc 1.1.4 133.48 NOTE
r-devel-windows-x86_64-new-UL 1.1.4 51.00 113.00 164.00 OK
r-devel-windows-x86_64-new-TK 1.1.4 OK
r-patched-linux-x86_64 1.1.4 43.01 58.79 101.80 OK
r-release-linux-x86_64 1.1.4 41.92 58.82 100.74 OK
r-release-macos-arm64 1.1.4 NOTE
r-release-macos-x86_64 1.1.4 NOTE
r-release-windows-ix86+x86_64 1.1.4 112.00 144.00 256.00 OK
r-oldrel-macos-x86_64 1.1.4 NOTE
r-oldrel-windows-ix86+x86_64 1.1.4 113.00 148.00 261.00 OK

Check Details

Version: 1.1.4
Check: compiled code
Result: NOTE
    File ‘hkevp/libs/hkevp.so’:
     Found no calls to: ‘R_registerRoutines’, ‘R_useDynamicSymbols’
    
    It is good practice to register native routines and to disable symbol
    search.
    
    See ‘Writing portable packages’ in the ‘Writing R Extensions’ manual.
Flavors: r-devel-linux-x86_64-fedora-clang, r-devel-linux-x86_64-fedora-gcc

Version: 1.1.4
Check: installed package size
Result: NOTE
     installed size is 6.3Mb
     sub-directories of 1Mb or more:
     libs 6.1Mb
Flavors: r-release-macos-arm64, r-release-macos-x86_64, r-oldrel-macos-x86_64