CRAN Package Check Results for Package hkdatasets

Last updated on 2021-10-24 16:54:05 CEST.

Flavor Version Tinstall Tcheck Ttotal Status Flags
r-devel-linux-x86_64-debian-clang 1.0.0 2.57 26.88 29.45 OK
r-devel-linux-x86_64-debian-gcc 1.0.0 1.90 20.75 22.65 OK
r-devel-linux-x86_64-fedora-clang 1.0.0 46.42 NOTE
r-devel-linux-x86_64-fedora-gcc 1.0.0 34.91 NOTE
r-devel-windows-x86_64 1.0.0 5.00 48.00 53.00 OK
r-devel-windows-x86_64-gcc10-UCRT 1.0.0 NOTE
r-patched-linux-x86_64 1.0.0 2.59 25.59 28.18 OK
r-patched-solaris-x86 1.0.0 50.50 NOTE
r-release-linux-x86_64 1.0.0 2.15 25.73 27.88 OK
r-release-macos-arm64 1.0.0 NOTE
r-release-macos-x86_64 1.0.0 NOTE
r-release-windows-ix86+x86_64 1.0.0 6.00 46.00 52.00 OK
r-oldrel-macos-x86_64 1.0.0 NOTE
r-oldrel-windows-ix86+x86_64 1.0.0 8.00 51.00 59.00 OK

Check Details

Version: 1.0.0
Check: data for non-ASCII characters
Result: NOTE
     Note: found 9638 marked UTF-8 strings
Flavors: r-devel-linux-x86_64-fedora-clang, r-devel-linux-x86_64-fedora-gcc, r-devel-windows-x86_64-gcc10-UCRT, r-patched-solaris-x86, r-release-macos-arm64, r-release-macos-x86_64, r-oldrel-macos-x86_64