CRAN Package Check Results for Package highr

Last updated on 2021-09-21 04:55:11 CEST.

Flavor Version Tinstall Tcheck Ttotal Status Flags
r-devel-linux-x86_64-debian-clang 0.9 1.89 24.28 26.17 OK
r-devel-linux-x86_64-debian-gcc 0.9 1.68 19.22 20.90 OK
r-devel-linux-x86_64-fedora-clang 0.9 41.55 OK
r-devel-linux-x86_64-fedora-gcc 0.9 31.15 OK
r-devel-windows-x86_64 0.9 3.00 34.00 37.00 OK
r-devel-windows-x86_64-gcc10-UCRT 0.9 ERROR
r-patched-linux-x86_64 0.9 2.01 24.12 26.13 OK
r-patched-solaris-x86 0.9 50.30 OK
r-release-linux-x86_64 0.9 1.80 24.27 26.07 OK
r-release-macos-arm64 0.9 OK
r-release-macos-x86_64 0.9 OK
r-release-windows-ix86+x86_64 0.9 5.00 32.00 37.00 OK
r-oldrel-macos-x86_64 0.9 OK
r-oldrel-windows-ix86+x86_64 0.9 6.00 30.00 36.00 OK

Check Details

Version: 0.9
Check: whether package can be installed
Result: WARN
    Found the following significant warnings:
     WARNING: installation-time patches will not be applied, could not get the patches index
Flavor: r-devel-windows-x86_64-gcc10-UCRT

Version: 0.9
Check: PDF version of manual
Result: WARN
    LaTeX errors when creating PDF version.
    This typically indicates Rd problems.
Flavor: r-devel-windows-x86_64-gcc10-UCRT

Version: 0.9
Check: PDF version of manual without hyperrefs or index
Result: ERROR
    Re-running with no redirection of stdout/stderr.
Flavor: r-devel-windows-x86_64-gcc10-UCRT