CRAN Package Check Results for Package highlight

Last updated on 2021-10-18 04:54:21 CEST.

Flavor Version Tinstall Tcheck Ttotal Status Flags
r-devel-linux-x86_64-debian-clang 0.5.0 59.75 27.69 87.44 OK
r-devel-linux-x86_64-debian-gcc 0.5.0 48.91 21.85 70.76 OK
r-devel-linux-x86_64-fedora-clang 0.5.0 173.44 NOTE
r-devel-linux-x86_64-fedora-gcc 0.5.0 128.93 OK
r-devel-windows-x86_64 0.5.0 85.00 54.00 139.00 OK
r-devel-windows-x86_64-gcc10-UCRT 0.5.0 OK
r-patched-linux-x86_64 0.5.0 60.31 26.90 87.21 OK
r-patched-solaris-x86 0.5.0 181.80 OK
r-release-linux-x86_64 0.5.0 60.26 27.27 87.53 OK
r-release-macos-arm64 0.5.0 NOTE
r-release-macos-x86_64 0.5.0 NOTE
r-release-windows-ix86+x86_64 0.5.0 166.00 54.00 220.00 OK
r-oldrel-macos-x86_64 0.5.0 NOTE
r-oldrel-windows-ix86+x86_64 0.5.0 141.00 51.00 192.00 OK

Check Details

Version: 0.5.0
Check: installed package size
Result: NOTE
     installed size is 7.2Mb
     sub-directories of 1Mb or more:
     highlight 1.1Mb
     libs 5.9Mb
Flavors: r-devel-linux-x86_64-fedora-clang, r-release-macos-arm64, r-release-macos-x86_64, r-oldrel-macos-x86_64