Last updated on 2023-03-21 16:54:26 CET.
Flavor | Version | Tinstall | Tcheck | Ttotal | Status | Flags |
---|---|---|---|---|---|---|
r-devel-linux-x86_64-debian-clang | 0.1.1 | 13.78 | 175.80 | 189.58 | OK | |
r-devel-linux-x86_64-debian-gcc | 0.1.1 | 11.18 | 144.15 | 155.33 | OK | |
r-devel-linux-x86_64-fedora-clang | 0.1.1 | 240.70 | OK | |||
r-devel-linux-x86_64-fedora-gcc | 0.1.1 | 238.72 | OK | |||
r-patched-linux-x86_64 | 0.1.1 | 9.30 | 164.97 | 174.27 | OK | |
r-release-linux-x86_64 | 0.1.1 | 11.21 | 168.94 | 180.15 | OK | |
r-release-macos-arm64 | 0.1.1 | 63.00 | OK | |||
r-release-macos-x86_64 | 0.1.1 | 9.00 | ERROR | |||
r-release-windows-x86_64 | 0.1.1 | 91.00 | 225.00 | 316.00 | OK | |
r-oldrel-macos-arm64 | 0.1.1 | 69.00 | OK | |||
r-oldrel-macos-x86_64 | 0.1.1 | 12.00 | ERROR | |||
r-oldrel-windows-ix86+x86_64 | 0.1.1 | 31.00 | 317.00 | 348.00 | OK |
Version: 0.1.1
Check: package dependencies
Result: ERROR
Package required and available but unsuitable version: ‘fitHeavyTail’
See section ‘The DESCRIPTION file’ in the ‘Writing R Extensions’
manual.
Flavors: r-release-macos-x86_64, r-oldrel-macos-x86_64