CRAN Package Check Results for Package hierarchicalDS

Last updated on 2021-11-30 11:51:58 CET.

Flavor Version Tinstall Tcheck Ttotal Status Flags
r-devel-linux-x86_64-debian-clang 3.0 18.62 116.08 134.70 OK
r-devel-linux-x86_64-debian-gcc 3.0 13.78 83.08 96.86 OK
r-devel-linux-x86_64-fedora-clang 3.0 168.86 NOTE
r-devel-linux-x86_64-fedora-gcc 3.0 154.99 NOTE
r-devel-windows-x86_64-new-UL 3.0 32.00 145.00 177.00 OK
r-devel-windows-x86_64-new-TK 3.0 NOTE
r-devel-windows-x86_64-old 3.0 29.00 98.00 127.00 OK
r-patched-linux-x86_64 3.0 17.93 106.38 124.31 OK
r-patched-solaris-x86 3.0 207.00 NOTE
r-release-linux-x86_64 3.0 15.96 108.37 124.33 OK
r-release-macos-arm64 3.0 NOTE
r-release-macos-x86_64 3.0 NOTE
r-release-windows-ix86+x86_64 3.0 36.00 101.00 137.00 OK
r-oldrel-macos-x86_64 3.0 NOTE
r-oldrel-windows-ix86+x86_64 3.0 30.00 93.00 123.00 OK

Check Details

Version: 3.0
Check: dependencies in R code
Result: NOTE
    Namespace in Imports field not imported from: ‘MCMCpack’
     All declared Imports should be used.
Flavors: r-devel-linux-x86_64-fedora-clang, r-devel-linux-x86_64-fedora-gcc, r-devel-windows-x86_64-new-TK, r-patched-solaris-x86, r-release-macos-arm64, r-release-macos-x86_64, r-oldrel-macos-x86_64