CRAN Package Check Results for Package hhcartr

Last updated on 2021-10-22 16:50:37 CEST.

Flavor Version Tinstall Tcheck Ttotal Status Flags
r-devel-linux-x86_64-debian-clang 1.0.0 9.09 383.78 392.87 OK
r-devel-linux-x86_64-debian-gcc 1.0.0 7.95 253.41 261.36 OK
r-devel-linux-x86_64-fedora-clang 1.0.0 449.16 NOTE
r-devel-linux-x86_64-fedora-gcc 1.0.0 426.53 NOTE
r-devel-windows-x86_64 1.0.0 15.00 432.00 447.00 OK
r-devel-windows-x86_64-gcc10-UCRT 1.0.0 ERROR
r-patched-linux-x86_64 1.0.0 9.93 355.82 365.75 OK
r-release-linux-x86_64 1.0.0 9.54 352.53 362.07 OK
r-release-macos-arm64 1.0.0 NOTE
r-release-macos-x86_64 1.0.0 WARN
r-release-windows-ix86+x86_64 1.0.0 14.00 439.00 453.00 OK
r-oldrel-macos-x86_64 1.0.0 WARN
r-oldrel-windows-ix86+x86_64 1.0.0 20.00 432.00 452.00 OK

Check Details

Version: 1.0.0
Check: dependencies in R code
Result: NOTE
    Namespaces in Imports field not imported from:
     ‘DiagrammeRsvg’ ‘Matrix’ ‘bookdown’ ‘captioner’ ‘rsvg’
     All declared Imports should be used.
Flavors: r-devel-linux-x86_64-fedora-clang, r-devel-linux-x86_64-fedora-gcc, r-release-macos-arm64, r-release-macos-x86_64, r-oldrel-macos-x86_64

Version: 1.0.0
Check: package dependencies
Result: ERROR
    Package required but not available: 'DiagrammeR'
    
    See section 'The DESCRIPTION file' in the 'Writing R Extensions'
    manual.
Flavor: r-devel-windows-x86_64-gcc10-UCRT

Version: 1.0.0
Check: re-building of vignette outputs
Result: WARN
    Error(s) in re-building vignettes:
     ...
    --- re-building ‘hhcartr.Rmd’ using rmarkdown
    Warning in engine$weave(file, quiet = quiet, encoding = enc) :
     Pandoc (>= 1.12.3) not available. Falling back to R Markdown v1.
    Quitting from lines 375-379 (hhcartr.Rmd)
    Error: processing vignette 'hhcartr.Rmd' failed with diagnostics:
    invalid 'path' argument
    --- failed re-building ‘hhcartr.Rmd’
    
    SUMMARY: processing the following file failed:
     ‘hhcartr.Rmd’
    
    Error: Vignette re-building failed.
    Execution halted
Flavors: r-release-macos-x86_64, r-oldrel-macos-x86_64