CRAN Package Check Results for Package hexbin

Last updated on 2022-12-06 04:51:49 CET.

Flavor Version Tinstall Tcheck Ttotal Status Flags
r-devel-linux-x86_64-debian-clang 1.28.2 9.73 77.94 87.67 NOTE
r-devel-linux-x86_64-debian-gcc 1.28.2 8.45 59.59 68.04 NOTE
r-devel-linux-x86_64-fedora-clang 1.28.2 122.18 NOTE
r-devel-linux-x86_64-fedora-gcc 1.28.2 127.83 NOTE
r-devel-windows-x86_64 1.28.2 43.00 128.00 171.00 NOTE
r-patched-linux-x86_64 1.28.2 11.11 73.10 84.21 OK
r-release-linux-x86_64 1.28.2 10.68 72.95 83.63 OK
r-release-macos-arm64 1.28.2 39.00 NOTE
r-release-macos-x86_64 1.28.2 53.00 OK
r-release-windows-x86_64 1.28.2 49.00 125.00 174.00 OK
r-oldrel-macos-arm64 1.28.2 43.00 NOTE
r-oldrel-macos-x86_64 1.28.2 68.00 OK
r-oldrel-windows-ix86+x86_64 1.28.2 24.00 134.00 158.00 OK

Check Details

Version: 1.28.2
Check: Rd files
Result: NOTE
    checkRd: (-1) erode.hexbin.Rd:43: Escaped LaTeX specials: \_ \_ \_ \_ \_ \_ \_
Flavors: r-devel-linux-x86_64-debian-clang, r-devel-linux-x86_64-debian-gcc, r-devel-linux-x86_64-fedora-clang, r-devel-linux-x86_64-fedora-gcc, r-devel-windows-x86_64

Version: 1.28.2
Check: package dependencies
Result: NOTE
    Packages suggested but not available for checking:
     'marray', 'affy', 'Biobase', 'limma'
Flavor: r-release-macos-arm64

Version: 1.28.2
Check: Rd cross-references
Result: NOTE
    Package unavailable to check Rd xrefs: ‘limma’
Flavor: r-release-macos-arm64

Version: 1.28.2
Check: package dependencies
Result: NOTE
    Package suggested but not available for checking: ‘marray’
Flavor: r-oldrel-macos-arm64