CRAN Package Check Results for Package hexView

Last updated on 2021-09-21 16:51:26 CEST.

Flavor Version Tinstall Tcheck Ttotal Status Flags
r-devel-linux-x86_64-debian-clang 0.3-4 2.60 25.05 27.65 OK
r-devel-linux-x86_64-debian-gcc 0.3-4 1.88 19.08 20.96 OK
r-devel-linux-x86_64-fedora-clang 0.3-4 41.79 OK
r-devel-linux-x86_64-fedora-gcc 0.3-4 31.08 OK
r-devel-windows-x86_64 0.3-4 5.00 28.00 33.00 OK
r-devel-windows-x86_64-gcc10-UCRT 0.3-4 ERROR
r-patched-linux-x86_64 0.3-4 3.31 23.71 27.02 OK
r-patched-solaris-x86 0.3-4 46.00 OK
r-release-linux-x86_64 0.3-4 2.53 24.08 26.61 OK
r-release-macos-arm64 0.3-4 OK
r-release-macos-x86_64 0.3-4 OK
r-release-windows-ix86+x86_64 0.3-4 6.00 27.00 33.00 OK
r-oldrel-macos-x86_64 0.3-4 OK
r-oldrel-windows-ix86+x86_64 0.3-4 5.00 27.00 32.00 OK

Check Details

Version: 0.3-4
Check: whether package can be installed
Result: WARN
    Found the following significant warnings:
     WARNING: installation-time patches will not be applied, could not get the patches index
Flavor: r-devel-windows-x86_64-gcc10-UCRT

Version: 0.3-4
Check: PDF version of manual
Result: WARN
    LaTeX errors when creating PDF version.
    This typically indicates Rd problems.
Flavor: r-devel-windows-x86_64-gcc10-UCRT

Version: 0.3-4
Check: PDF version of manual without hyperrefs or index
Result: ERROR
    Re-running with no redirection of stdout/stderr.
Flavor: r-devel-windows-x86_64-gcc10-UCRT