Last updated on 2022-07-03 17:52:06 CEST.
Flavor | Version | Tinstall | Tcheck | Ttotal | Status | Flags |
---|---|---|---|---|---|---|
r-devel-linux-x86_64-debian-clang | 0.1.1 | 9.96 | 316.40 | 326.36 | OK | |
r-devel-linux-x86_64-debian-gcc | 0.1.1 | 10.46 | 231.04 | 241.50 | OK | |
r-devel-linux-x86_64-fedora-clang | 0.1.1 | 379.72 | NOTE | |||
r-devel-linux-x86_64-fedora-gcc | 0.1.1 | 380.41 | NOTE | |||
r-devel-windows-x86_64 | 0.1.1 | 28.00 | 397.00 | 425.00 | OK | |
r-patched-linux-x86_64 | 0.1.1 | 7.81 | 299.30 | 307.11 | OK | |
r-release-linux-x86_64 | 0.1.1 | 7.70 | 294.02 | 301.72 | OK | |
r-release-macos-arm64 | 0.1.1 | 142.00 | NOTE | |||
r-release-macos-x86_64 | 0.1.1 | 206.00 | NOTE | |||
r-release-windows-x86_64 | 0.1.1 | 34.00 | 364.00 | 398.00 | OK | |
r-oldrel-macos-arm64 | 0.1.1 | 148.00 | NOTE | |||
r-oldrel-macos-x86_64 | 0.1.1 | 204.00 | NOTE | |||
r-oldrel-windows-ix86+x86_64 | 0.1.1 | 28.00 | 336.00 | 364.00 | OK |
Version: 0.1.1
Check: dependencies in R code
Result: NOTE
Namespaces in Imports field not imported from:
‘dplyr’ ‘purrr’ ‘tidyverse’
All declared Imports should be used.
Flavors: r-devel-linux-x86_64-fedora-clang, r-devel-linux-x86_64-fedora-gcc, r-release-macos-arm64, r-release-macos-x86_64, r-oldrel-macos-arm64, r-oldrel-macos-x86_64