CRAN Package Check Results for Package hesim

Last updated on 2021-06-20 09:49:51 CEST.

Flavor Version Tinstall Tcheck Ttotal Status Flags
r-devel-linux-x86_64-debian-clang 0.5.0 362.92 420.38 783.30 OK
r-devel-linux-x86_64-debian-gcc 0.5.0 271.11 294.59 565.70 OK
r-devel-linux-x86_64-fedora-clang 0.5.0 1036.27 NOTE
r-devel-linux-x86_64-fedora-gcc 0.5.0 972.23 NOTE
r-devel-windows-x86_64 0.5.0 431.00 502.00 933.00 NOTE
r-devel-windows-x86_64-gcc10-UCRT 0.5.0 WARN
r-patched-linux-x86_64 0.5.0 327.10 372.81 699.91 OK
r-patched-solaris-x86 0.5.0 1091.00 NOTE
r-release-linux-x86_64 0.5.0 298.73 370.77 669.50 OK
r-release-macos-arm64 0.5.0 NOTE
r-release-macos-x86_64 0.5.0 NOTE
r-release-windows-ix86+x86_64 0.5.0 820.00 633.00 1453.00 NOTE
r-oldrel-macos-x86_64 0.5.0 NOTE
r-oldrel-windows-ix86+x86_64 0.5.0 613.00 631.00 1244.00 NOTE

Check Details

Version: 0.5.0
Check: installed package size
Result: NOTE
     installed size is 25.3Mb
     sub-directories of 1Mb or more:
     doc 2.2Mb
     libs 21.3Mb
Flavors: r-devel-linux-x86_64-fedora-clang, r-devel-windows-x86_64, r-patched-solaris-x86, r-release-macos-arm64, r-release-macos-x86_64, r-release-windows-ix86+x86_64, r-oldrel-macos-x86_64, r-oldrel-windows-ix86+x86_64

Version: 0.5.0
Check: dependencies in R code
Result: NOTE
    Namespace in Imports field not imported from: ‘R6’
     All declared Imports should be used.
Flavors: r-devel-linux-x86_64-fedora-clang, r-devel-linux-x86_64-fedora-gcc, r-devel-windows-x86_64-gcc10-UCRT, r-patched-solaris-x86, r-release-macos-arm64, r-release-macos-x86_64, r-oldrel-macos-x86_64

Version: 0.5.0
Check: package dependencies
Result: NOTE
    Packages suggested but not available for checking: 'covr', 'kableExtra'
Flavor: r-devel-windows-x86_64-gcc10-UCRT

Version: 0.5.0
Check: re-building of vignette outputs
Result: WARN
    Error(s) in re-building vignettes:
    --- re-building 'cea.Rmd' using rmarkdown
    --- finished re-building 'cea.Rmd'
    
    --- re-building 'intro.Rmd' using rmarkdown
    Quitting from lines 29-37 (intro.Rmd)
    Error: processing vignette 'intro.Rmd' failed with diagnostics:
    there is no package called 'kableExtra'
    --- failed re-building 'intro.Rmd'
    
    --- re-building 'markov-cohort.Rmd' using rmarkdown
    --- finished re-building 'markov-cohort.Rmd'
    
    --- re-building 'markov-inhomogeneous-cohort.Rmd' using rmarkdown
    Quitting from lines 84-96 (markov-inhomogeneous-cohort.Rmd)
    Error: processing vignette 'markov-inhomogeneous-cohort.Rmd' failed with diagnostics:
    there is no package called 'kableExtra'
    --- failed re-building 'markov-inhomogeneous-cohort.Rmd'
    
    --- re-building 'markov-inhomogeneous-indiv.Rmd' using rmarkdown
    Quitting from lines 38-43 (markov-inhomogeneous-indiv.Rmd)
    Error: processing vignette 'markov-inhomogeneous-indiv.Rmd' failed with diagnostics:
    there is no package called 'kableExtra'
    --- failed re-building 'markov-inhomogeneous-indiv.Rmd'
    
    --- re-building 'mlogit.Rmd' using rmarkdown
    --- finished re-building 'mlogit.Rmd'
    
    --- re-building 'mstate.Rmd' using rmarkdown
    Loading required package: survival
    --- finished re-building 'mstate.Rmd'
    
    --- re-building 'psm.Rmd' using rmarkdown
    Loading required package: survival
    Warning: Survival curves crossed 0.06 percent of the time.
    --- finished re-building 'psm.Rmd'
    
    SUMMARY: processing the following files failed:
     'intro.Rmd' 'markov-inhomogeneous-cohort.Rmd'
     'markov-inhomogeneous-indiv.Rmd'
    
    Error: Vignette re-building failed.
    Execution halted
Flavor: r-devel-windows-x86_64-gcc10-UCRT