CRAN Package Check Results for Package heatmap3

Last updated on 2021-09-21 16:51:25 CEST.

Flavor Version Tinstall Tcheck Ttotal Status Flags
r-devel-linux-x86_64-debian-clang 1.1.9 2.60 31.26 33.86 OK
r-devel-linux-x86_64-debian-gcc 1.1.9 2.25 24.23 26.48 OK
r-devel-linux-x86_64-fedora-clang 1.1.9 52.59 OK
r-devel-linux-x86_64-fedora-gcc 1.1.9 41.16 OK
r-devel-windows-x86_64 1.1.9 6.00 41.00 47.00 OK
r-devel-windows-x86_64-gcc10-UCRT 1.1.9 ERROR
r-patched-linux-x86_64 1.1.9 2.21 30.51 32.72 OK
r-patched-solaris-x86 1.1.9 61.90 OK
r-release-linux-x86_64 1.1.9 2.59 31.12 33.71 OK
r-release-macos-arm64 1.1.9 OK
r-release-macos-x86_64 1.1.9 OK
r-release-windows-ix86+x86_64 1.1.9 7.00 41.00 48.00 OK
r-oldrel-macos-x86_64 1.1.9 OK
r-oldrel-windows-ix86+x86_64 1.1.9 6.00 40.00 46.00 OK

Check Details

Version: 1.1.9
Check: whether package can be installed
Result: WARN
    Found the following significant warnings:
     WARNING: installation-time patches will not be applied, could not get the patches index
Flavor: r-devel-windows-x86_64-gcc10-UCRT

Version: 1.1.9
Check: PDF version of manual
Result: WARN
    LaTeX errors when creating PDF version.
    This typically indicates Rd problems.
Flavor: r-devel-windows-x86_64-gcc10-UCRT

Version: 1.1.9
Check: PDF version of manual without hyperrefs or index
Result: ERROR
    Re-running with no redirection of stdout/stderr.
Flavor: r-devel-windows-x86_64-gcc10-UCRT