CRAN Package Check Results for Package healthyR.ai

Last updated on 2022-01-23 00:57:14 CET.

Flavor Version Tinstall Tcheck Ttotal Status Flags
r-devel-linux-x86_64-debian-clang 0.0.5 15.69 159.76 175.45 OK
r-devel-linux-x86_64-debian-gcc 0.0.5 11.67 119.89 131.56 OK
r-devel-linux-x86_64-fedora-clang 0.0.5 217.74 NOTE
r-devel-linux-x86_64-fedora-gcc 0.0.5 205.95 NOTE
r-devel-windows-x86_64-new-UL 0.0.5 117.00 223.00 340.00 OK
r-devel-windows-x86_64-new-TK 0.0.5 NOTE
r-patched-linux-x86_64 0.0.5 9.29 153.24 162.53 OK
r-release-linux-x86_64 0.0.5 8.84 151.39 160.23 OK
r-release-macos-arm64 0.0.5 NOTE
r-release-macos-x86_64 0.0.5 WARN --as-cran
r-release-windows-ix86+x86_64 0.0.5 34.00 186.00 220.00 OK
r-oldrel-macos-x86_64 0.0.4 NOTE
r-oldrel-windows-ix86+x86_64 0.0.5 35.00 191.00 226.00 OK

Check Details

Version: 0.0.5
Check: dependencies in R code
Result: NOTE
    Namespace in Imports field not imported from: ‘rsample’
     All declared Imports should be used.
Flavors: r-devel-linux-x86_64-fedora-clang, r-devel-linux-x86_64-fedora-gcc, r-devel-windows-x86_64-new-TK, r-release-macos-arm64

Version: 0.0.5
Flags: --as-cran
Check: CRAN incoming feasibility
Result: WARN
    Maintainer: ‘Steven Sanderson <spsanderson@gmail.com>’
    
    Insufficient package version (submitted: 0.0.5, existing: 0.0.5)
    
    Days since last update: 1
Flavor: r-release-macos-x86_64

Version: 0.0.5
Flags: --as-cran
Check: top-level files
Result: NOTE
    Files ‘README.md’ or ‘NEWS.md’ cannot be checked without ‘pandoc’ being installed.
Flavor: r-release-macos-x86_64

Version: 0.0.4
Check: dependencies in R code
Result: NOTE
    Namespaces in Imports field not imported from:
     ‘parsnip’ ‘rsample’
     All declared Imports should be used.
Flavor: r-oldrel-macos-x86_64