Last updated on 2023-03-31 05:54:25 CEST.
Flavor | Version | Tinstall | Tcheck | Ttotal | Status | Flags |
---|---|---|---|---|---|---|
r-devel-linux-x86_64-debian-clang | 1.3.8 | 66.19 | 131.31 | 197.50 | OK | |
r-devel-linux-x86_64-debian-gcc | 1.3.8 | 51.18 | 105.06 | 156.24 | OK | |
r-devel-linux-x86_64-fedora-clang | 1.3.8 | 251.40 | OK | |||
r-devel-linux-x86_64-fedora-gcc | 1.3.8 | 270.23 | OK | |||
r-devel-windows-x86_64 | 1.3.8 | 209.00 | 0.00 | 209.00 | NOTE | |
r-patched-linux-x86_64 | 1.3.8 | 58.73 | 133.36 | 192.09 | OK | |
r-release-linux-x86_64 | 1.3.8 | 56.75 | 129.36 | 186.11 | OK | |
r-release-macos-arm64 | 1.3.8 | 71.00 | NOTE | |||
r-release-macos-x86_64 | 1.3.8 | 96.00 | NOTE | |||
r-release-windows-x86_64 | 1.3.8 | 196.00 | 185.00 | 381.00 | NOTE | |
r-oldrel-macos-arm64 | 1.3.8 | 70.00 | NOTE | |||
r-oldrel-macos-x86_64 | 1.3.8 | 97.00 | NOTE | |||
r-oldrel-windows-ix86+x86_64 | 1.3.8 | 104.00 | 232.00 | 336.00 | NOTE |
Version: 1.3.8
Check: installed package size
Result: NOTE
installed size is 5.7Mb
sub-directories of 1Mb or more:
libs 3.2Mb
Flavors: r-devel-windows-x86_64, r-release-macos-arm64, r-release-macos-x86_64, r-release-windows-x86_64, r-oldrel-macos-arm64, r-oldrel-macos-x86_64, r-oldrel-windows-ix86+x86_64