Last updated on 2025-01-22 08:49:14 CET.
Flavor | Version | Tinstall | Tcheck | Ttotal | Status | Flags |
---|---|---|---|---|---|---|
r-devel-linux-x86_64-debian-clang | 1.0.2 | 19.43 | 34.54 | 53.97 | NOTE | |
r-devel-linux-x86_64-debian-gcc | 1.0.2 | 14.06 | 24.44 | 38.50 | NOTE | |
r-devel-linux-x86_64-fedora-clang | 1.0.2 | 96.73 | OK | |||
r-devel-linux-x86_64-fedora-gcc | 1.0.2 | 92.37 | OK | |||
r-devel-windows-x86_64 | 1.0.2 | 21.00 | 78.00 | 99.00 | NOTE | |
r-patched-linux-x86_64 | 1.0.2 | 23.74 | 32.46 | 56.20 | OK | |
r-release-linux-x86_64 | 1.0.2 | 19.56 | 32.40 | 51.96 | OK | |
r-release-macos-arm64 | 1.0.2 | 29.00 | OK | |||
r-release-macos-x86_64 | 1.0.2 | 53.00 | OK | |||
r-release-windows-x86_64 | 1.0.2 | 20.00 | 79.00 | 99.00 | OK | |
r-oldrel-macos-arm64 | 1.0.2 | 33.00 | OK | |||
r-oldrel-macos-x86_64 | 1.0.2 | 52.00 | OK | |||
r-oldrel-windows-x86_64 | 1.0.2 | 24.00 | 88.00 | 112.00 | OK |
Version: 1.0.2
Check: Rd cross-references
Result: NOTE
Found the following Rd file(s) with Rd \link{} targets missing package
anchors:
dcbs.alg.Rd: foreach
sbs.alg.Rd: foreach
Please provide package anchors for all Rd \link{} targets not in the
package itself and the base packages.
Flavors: r-devel-linux-x86_64-debian-clang, r-devel-linux-x86_64-debian-gcc, r-devel-windows-x86_64