CRAN Package Check Results for Package hazer

Last updated on 2021-09-18 05:02:33 CEST.

Flavor Version Tinstall Tcheck Ttotal Status Flags
r-devel-linux-x86_64-debian-clang 1.1.1 2.04 46.41 48.45 NOTE
r-devel-linux-x86_64-debian-gcc 1.1.1 1.63 34.32 35.95 NOTE
r-devel-linux-x86_64-fedora-clang 1.1.1 66.53 NOTE
r-devel-linux-x86_64-fedora-gcc 1.1.1 54.60 NOTE
r-devel-windows-x86_64 1.1.1 3.00 69.00 72.00 ERROR
r-devel-windows-x86_64-gcc10-UCRT 1.1.1 NOTE
r-patched-linux-x86_64 1.1.1 2.00 44.08 46.08 NOTE
r-patched-solaris-x86 1.1.1 87.30 NOTE
r-release-linux-x86_64 1.1.1 1.81 43.25 45.06 NOTE
r-release-macos-arm64 1.1.1 NOTE
r-release-macos-x86_64 1.1.1 NOTE
r-release-windows-ix86+x86_64 1.1.1 5.00 46.00 51.00 ERROR
r-oldrel-macos-x86_64 1.1.1 OK
r-oldrel-windows-ix86+x86_64 1.1.1 5.00 45.00 50.00 ERROR

Check Details

Version: 1.1.1
Check: LazyData
Result: NOTE
     'LazyData' is specified without a 'data' directory
Flavors: r-devel-linux-x86_64-debian-clang, r-devel-linux-x86_64-debian-gcc, r-devel-linux-x86_64-fedora-clang, r-devel-linux-x86_64-fedora-gcc, r-devel-windows-x86_64, r-devel-windows-x86_64-gcc10-UCRT, r-patched-linux-x86_64, r-patched-solaris-x86, r-release-linux-x86_64, r-release-macos-arm64, r-release-macos-x86_64, r-release-windows-ix86+x86_64

Version: 1.1.1
Check: tests
Result: ERROR
     Running 'testthat.R' [12s]
    Running the tests in 'tests/testthat.R' failed.
    Complete output:
     > library(testthat)
     > library(hazer)
     >
     > test_check("hazer")
     == Failed tests ================================================================
     -- Failure (testall.R:22:3): test the haze -------------------------------------
     floor(h$haze * 1000) not equal to ifelse(tolower(Sys.info()[[1]]) != "linux", 225, 224).
     1/1 mismatches
     [1] 224 - 225 == -1
     -- Failure (testall.R:23:3): test the haze -------------------------------------
     floor(h$A0 * 1000) not equal to ifelse(tolower(Sys.info()[[1]]) != "linux", 710, 712).
     1/1 mismatches
     [1] 712 - 710 == 2
    
     [ FAIL 2 | WARN 0 | SKIP 0 | PASS 4 ]
     Error: Test failures
     Execution halted
Flavor: r-devel-windows-x86_64

Version: 1.1.1
Check: tests
Result: ERROR
     Running 'testthat.R' [7s]
    Running the tests in 'tests/testthat.R' failed.
    Complete output:
     > library(testthat)
     > library(hazer)
     >
     > test_check("hazer")
     == Failed tests ================================================================
     -- Failure (testall.R:22:3): test the haze -------------------------------------
     floor(h$haze * 1000) not equal to ifelse(tolower(Sys.info()[[1]]) != "linux", 225, 224).
     1/1 mismatches
     [1] 224 - 225 == -1
     -- Failure (testall.R:23:3): test the haze -------------------------------------
     floor(h$A0 * 1000) not equal to ifelse(tolower(Sys.info()[[1]]) != "linux", 710, 712).
     1/1 mismatches
     [1] 712 - 710 == 2
    
     [ FAIL 2 | WARN 0 | SKIP 0 | PASS 4 ]
     Error: Test failures
     Execution halted
Flavor: r-release-windows-ix86+x86_64

Version: 1.1.1
Check: tests
Result: ERROR
     Running 'testthat.R' [8s]
    Running the tests in 'tests/testthat.R' failed.
    Complete output:
     > library(testthat)
     > library(hazer)
     >
     > test_check("hazer")
     == Failed tests ================================================================
     -- Failure (testall.R:22:3): test the haze -------------------------------------
     floor(h$haze * 1000) not equal to ifelse(tolower(Sys.info()[[1]]) != "linux", 225, 224).
     1/1 mismatches
     [1] 224 - 225 == -1
     -- Failure (testall.R:23:3): test the haze -------------------------------------
     floor(h$A0 * 1000) not equal to ifelse(tolower(Sys.info()[[1]]) != "linux", 710, 712).
     1/1 mismatches
     [1] 712 - 710 == 2
    
     [ FAIL 2 | WARN 0 | SKIP 0 | PASS 4 ]
     Error: Test failures
     Execution halted
Flavor: r-oldrel-windows-ix86+x86_64