CRAN Package Check Results for Package hash

Last updated on 2021-09-28 16:50:21 CEST.

Flavor Version Tinstall Tcheck Ttotal Status Flags
r-devel-linux-x86_64-debian-clang 2.2.6.1 3.26 32.32 35.58 NOTE
r-devel-linux-x86_64-debian-gcc 2.2.6.1 2.49 25.50 27.99 NOTE
r-devel-linux-x86_64-fedora-clang 2.2.6.1 54.53 NOTE
r-devel-linux-x86_64-fedora-gcc 2.2.6.1 41.70 NOTE
r-devel-windows-x86_64 2.2.6.1 6.00 39.00 45.00 NOTE
r-devel-windows-x86_64-gcc10-UCRT 2.2.6.1 NOTE
r-patched-linux-x86_64 2.2.6.1 2.94 31.66 34.60 NOTE
r-patched-solaris-x86 2.2.6.1 65.10 NOTE
r-release-linux-x86_64 2.2.6.1 2.89 31.32 34.21 NOTE
r-release-macos-arm64 2.2.6.1 NOTE
r-release-macos-x86_64 2.2.6.1 NOTE
r-release-windows-ix86+x86_64 2.2.6.1 9.00 36.00 45.00 NOTE
r-oldrel-macos-x86_64 2.2.6.1 NOTE
r-oldrel-windows-ix86+x86_64 2.2.6.1 35.00 37.00 72.00 NOTE

Check Details

Version: 2.2.6.1
Check: top-level files
Result: NOTE
    File
     LICENSE
    is not mentioned in the DESCRIPTION file.
    Non-standard file/directory found at top level:
     'dev'
Flavors: r-devel-linux-x86_64-debian-clang, r-devel-linux-x86_64-debian-gcc, r-devel-linux-x86_64-fedora-clang, r-devel-linux-x86_64-fedora-gcc, r-patched-linux-x86_64, r-release-linux-x86_64

Version: 2.2.6.1
Check: top-level files
Result: NOTE
    File
     LICENSE
    is not mentioned in the DESCRIPTION file.
Flavors: r-devel-windows-x86_64, r-devel-windows-x86_64-gcc10-UCRT, r-patched-solaris-x86, r-release-macos-arm64, r-release-macos-x86_64, r-release-windows-ix86+x86_64, r-oldrel-macos-x86_64, r-oldrel-windows-ix86+x86_64