CRAN Package Check Results for Package haldensify

Last updated on 2022-08-15 21:54:38 CEST.

Flavor Version Tinstall Tcheck Ttotal Status Flags
r-devel-linux-x86_64-debian-clang 0.2.3 17.26 578.24 595.50 OK
r-devel-linux-x86_64-debian-gcc 0.2.3 9.54 476.22 485.76 OK
r-devel-linux-x86_64-fedora-clang 0.2.3 703.93 OK
r-devel-linux-x86_64-fedora-gcc 0.2.3 811.47 OK
r-devel-windows-x86_64 0.2.3 37.00 611.00 648.00 OK
r-patched-linux-x86_64 0.2.3 19.20 645.18 664.38 OK
r-release-linux-x86_64 0.2.3 12.61 627.47 640.08 OK
r-release-macos-arm64 0.2.3 292.00 OK
r-release-macos-x86_64 0.2.3 433.00 OK
r-release-windows-x86_64 0.2.3 48.00 621.00 669.00 OK
r-oldrel-macos-arm64 0.2.3 243.00 OK
r-oldrel-macos-x86_64 0.2.3 288.00 OK
r-oldrel-windows-ix86+x86_64 0.2.3 33.00 663.00 696.00 WARN

Check Details

Version: 0.2.3
Check: for unstated dependencies in ‘tests’
Result: WARN
    Warning: unable to access index for repository https://bioconductor.org/packages/3.14/bioc/src/contrib:
     cannot open URL 'https://bioconductor.org/packages/3.14/bioc/src/contrib/PACKAGES'
    Warning: unable to access index for repository https://bioconductor.org/packages/3.14/data/annotation/src/contrib:
     cannot open URL 'https://bioconductor.org/packages/3.14/data/annotation/src/contrib/PACKAGES'
    Warning: unable to access index for repository https://bioconductor.org/packages/3.14/data/experiment/src/contrib:
     cannot open URL 'https://bioconductor.org/packages/3.14/data/experiment/src/contrib/PACKAGES'
Flavor: r-oldrel-windows-ix86+x86_64