CRAN Package Check Results for Package haldensify

Last updated on 2021-09-26 16:49:15 CEST.

Flavor Version Tinstall Tcheck Ttotal Status Flags
r-devel-linux-x86_64-debian-clang 0.0.6 10.68 290.09 300.77 NOTE
r-devel-linux-x86_64-debian-gcc 0.0.6 8.28 202.23 210.51 NOTE
r-devel-linux-x86_64-fedora-clang 0.0.6 370.62 NOTE
r-devel-linux-x86_64-fedora-gcc 0.0.6 338.55 NOTE
r-devel-windows-x86_64 0.0.6 12.00 259.00 271.00 NOTE
r-devel-windows-x86_64-gcc10-UCRT 0.0.6 NOTE
r-patched-linux-x86_64 0.0.6 13.18 272.37 285.55 NOTE
r-patched-solaris-x86 0.0.6 256.90 NOTE
r-release-linux-x86_64 0.0.6 10.07 268.23 278.30 NOTE
r-release-macos-arm64 0.0.6 NOTE
r-release-macos-x86_64 0.0.6 NOTE
r-release-windows-ix86+x86_64 0.0.6 27.00 257.00 284.00 NOTE
r-oldrel-macos-x86_64 0.0.6 OK
r-oldrel-windows-ix86+x86_64 0.0.6 22.00 258.00 280.00 OK

Check Details

Version: 0.0.6
Check: LazyData
Result: NOTE
     'LazyData' is specified without a 'data' directory
Flavors: r-devel-linux-x86_64-debian-clang, r-devel-linux-x86_64-debian-gcc, r-devel-linux-x86_64-fedora-clang, r-devel-linux-x86_64-fedora-gcc, r-devel-windows-x86_64, r-devel-windows-x86_64-gcc10-UCRT, r-patched-linux-x86_64, r-patched-solaris-x86, r-release-linux-x86_64, r-release-macos-arm64, r-release-macos-x86_64, r-release-windows-ix86+x86_64