CRAN Package Check Results for Package gwfa

Last updated on 2021-12-03 11:51:50 CET.

Flavor Version Tinstall Tcheck Ttotal Status Flags
r-devel-linux-x86_64-debian-clang 0.0.4 24.21 38.45 62.66 OK
r-devel-linux-x86_64-debian-gcc 0.0.4 16.23 30.58 46.81 OK
r-devel-linux-x86_64-fedora-clang 0.0.4 91.54 NOTE
r-devel-linux-x86_64-fedora-gcc 0.0.4 77.13 NOTE
r-devel-windows-x86_64-new-UL 0.0.4 31.00 97.00 128.00 OK
r-devel-windows-x86_64-new-TK 0.0.4 OK
r-devel-windows-x86_64-old 0.0.4 28.00 50.00 78.00 OK
r-patched-linux-x86_64 0.0.4 20.13 36.79 56.92 OK
r-patched-solaris-x86 0.0.4 100.50 OK
r-release-linux-x86_64 0.0.4 19.99 36.99 56.98 OK
r-release-macos-arm64 0.0.4 OK
r-release-macos-x86_64 0.0.4 OK
r-release-windows-ix86+x86_64 0.0.4 54.00 90.00 144.00 OK
r-oldrel-macos-x86_64 0.0.4 OK
r-oldrel-windows-ix86+x86_64 0.0.4 52.00 87.00 139.00 OK

Check Details

Version: 0.0.4
Check: compiled code
Result: NOTE
    File ‘gwfa/libs/gwfa.so’:
     Found no calls to: ‘R_registerRoutines’, ‘R_useDynamicSymbols’
    
    It is good practice to register native routines and to disable symbol
    search.
    
    See ‘Writing portable packages’ in the ‘Writing R Extensions’ manual.
Flavors: r-devel-linux-x86_64-fedora-clang, r-devel-linux-x86_64-fedora-gcc