CRAN Package Check Results for Package gwasforest

Last updated on 2021-07-25 07:50:03 CEST.

Flavor Version Tinstall Tcheck Ttotal Status Flags
r-devel-linux-x86_64-debian-clang 1.0.0 2.12 23.90 26.02 NOTE
r-devel-linux-x86_64-debian-gcc 1.0.0 1.89 19.01 20.90 NOTE
r-devel-linux-x86_64-fedora-clang 1.0.0 40.77 NOTE
r-devel-linux-x86_64-fedora-gcc 1.0.0 30.15 NOTE
r-devel-windows-x86_64 1.0.0 4.00 36.00 40.00 NOTE
r-devel-windows-x86_64-gcc10-UCRT 1.0.0 NOTE
r-patched-linux-x86_64 1.0.0 2.39 22.97 25.36 NOTE
r-patched-solaris-x86 1.0.0 47.50 NOTE
r-release-linux-x86_64 1.0.0 1.90 23.11 25.01 NOTE
r-release-macos-arm64 1.0.0 NOTE
r-release-macos-x86_64 1.0.0 NOTE
r-release-windows-ix86+x86_64 1.0.0 6.00 31.00 37.00 NOTE
r-oldrel-macos-x86_64 1.0.0 OK
r-oldrel-windows-ix86+x86_64 1.0.0 7.00 36.00 43.00 OK

Check Details

Version: 1.0.0
Check: LazyData
Result: NOTE
     'LazyData' is specified without a 'data' directory
Flavors: r-devel-linux-x86_64-debian-clang, r-devel-linux-x86_64-debian-gcc, r-devel-linux-x86_64-fedora-clang, r-devel-linux-x86_64-fedora-gcc, r-devel-windows-x86_64, r-devel-windows-x86_64-gcc10-UCRT, r-patched-linux-x86_64, r-patched-solaris-x86, r-release-linux-x86_64, r-release-macos-arm64, r-release-macos-x86_64, r-release-windows-ix86+x86_64