CRAN Package Check Results for Package gutenbergr

Last updated on 2021-08-01 19:51:28 CEST.

Flavor Version Tinstall Tcheck Ttotal Status Flags
r-devel-linux-x86_64-debian-clang 0.2.1 8.09 88.90 96.99 OK
r-devel-linux-x86_64-debian-gcc 0.2.1 7.09 63.94 71.03 OK
r-devel-linux-x86_64-fedora-clang 0.2.1 122.52 NOTE
r-devel-linux-x86_64-fedora-gcc 0.2.1 108.25 NOTE
r-devel-windows-x86_64 0.2.1 12.00 112.00 124.00 OK
r-devel-windows-x86_64-gcc10-UCRT 0.2.1 NOTE
r-patched-linux-x86_64 0.2.1 OK
r-patched-solaris-x86 0.2.1 153.70 NOTE
r-release-linux-x86_64 0.2.1 6.91 81.26 88.17 OK
r-release-macos-arm64 0.2.1 NOTE
r-release-macos-x86_64 0.2.1 NOTE
r-release-windows-ix86+x86_64 0.2.1 17.00 109.00 126.00 OK
r-oldrel-macos-x86_64 0.2.1 NOTE
r-oldrel-windows-ix86+x86_64 0.2.1 14.00 113.00 127.00 OK

Check Details

Version: 0.2.1
Check: data for non-ASCII characters
Result: NOTE
     Note: found 13617 marked UTF-8 strings
Flavors: r-devel-linux-x86_64-fedora-clang, r-devel-linux-x86_64-fedora-gcc, r-devel-windows-x86_64-gcc10-UCRT, r-patched-solaris-x86, r-release-macos-arm64, r-release-macos-x86_64, r-oldrel-macos-x86_64