CRAN Package Check Results for Package gsloid

Last updated on 2021-11-29 23:50:40 CET.

Flavor Version Tinstall Tcheck Ttotal Status Flags
r-devel-linux-x86_64-debian-clang 0.1.0 1.95 27.44 29.39 NOTE
r-devel-linux-x86_64-debian-gcc 0.1.0 1.26 21.42 22.68 NOTE
r-devel-linux-x86_64-fedora-clang 0.1.0 46.40 OK
r-devel-linux-x86_64-fedora-gcc 0.1.0 35.44 OK
r-devel-windows-x86_64-new-UL 0.1.0 6.00 66.00 72.00 NOTE
r-devel-windows-x86_64-new-TK 0.1.0 OK
r-devel-windows-x86_64-old 0.1.0 4.00 35.00 39.00 NOTE
r-patched-linux-x86_64 0.1.0 1.85 24.98 26.83 NOTE
r-patched-solaris-x86 0.1.0 45.60 OK
r-release-linux-x86_64 0.1.0 1.84 25.26 27.10 NOTE
r-release-macos-arm64 0.1.0 OK
r-release-macos-x86_64 0.1.0 OK
r-release-windows-ix86+x86_64 0.1.0 5.00 33.00 38.00 NOTE
r-oldrel-macos-x86_64 0.1.0 OK
r-oldrel-windows-ix86+x86_64 0.1.0 5.00 32.00 37.00 NOTE

Check Details

Version: 0.1.0
Check: package vignettes
Result: NOTE
    Package vignette with placeholder title 'Vignette Title':
     'Introduction.Rmd'
Flavors: r-devel-linux-x86_64-debian-clang, r-devel-linux-x86_64-debian-gcc, r-devel-windows-x86_64-new-UL, r-devel-windows-x86_64-old, r-patched-linux-x86_64, r-release-linux-x86_64, r-release-windows-ix86+x86_64, r-oldrel-windows-ix86+x86_64