Last updated on 2023-05-31 23:27:20 CEST.
Flavor | Version | Tinstall | Tcheck | Ttotal | Status | Flags |
---|---|---|---|---|---|---|
r-devel-linux-x86_64-debian-clang | 1.0.1 | 93.34 | 30.43 | 123.77 | NOTE | |
r-devel-linux-x86_64-debian-gcc | 1.0.1 | 69.21 | 24.12 | 93.33 | NOTE | |
r-devel-linux-x86_64-fedora-clang | 1.0.1 | 192.64 | NOTE | |||
r-devel-linux-x86_64-fedora-gcc | 1.0.1 | 178.07 | NOTE | |||
r-devel-windows-x86_64 | 1.0.1 | 68.00 | 70.00 | 138.00 | NOTE | |
r-patched-linux-x86_64 | 1.0.1 | NOTE | ||||
r-release-linux-x86_64 | 1.0.1 | 69.41 | 29.85 | 99.26 | NOTE | |
r-release-macos-arm64 | 1.0.1 | 41.00 | NOTE | |||
r-release-macos-x86_64 | 1.0.1 | 72.00 | NOTE | |||
r-release-windows-x86_64 | 1.0.1 | 89.00 | 77.00 | 166.00 | NOTE | |
r-oldrel-macos-arm64 | 1.0.1 | 40.00 | OK | |||
r-oldrel-macos-x86_64 | 1.0.1 | 54.00 | OK | |||
r-oldrel-windows-x86_64 | 1.0.1 | 89.00 | 71.00 | 160.00 | OK |
Version: 1.0.1
Check: C++ specification
Result: NOTE
Specified C++11: please drop specification unless essential
Flavors: r-devel-linux-x86_64-debian-clang, r-devel-linux-x86_64-debian-gcc, r-devel-linux-x86_64-fedora-clang, r-devel-linux-x86_64-fedora-gcc, r-devel-windows-x86_64, r-patched-linux-x86_64, r-release-linux-x86_64, r-release-macos-arm64, r-release-macos-x86_64, r-release-windows-x86_64