CRAN Package Check Results for Package grf

Last updated on 2021-09-25 04:57:37 CEST.

Flavor Version Tinstall Tcheck Ttotal Status Flags
r-devel-linux-x86_64-debian-clang 2.0.2 353.20 87.05 440.25 NOTE
r-devel-linux-x86_64-debian-gcc 2.0.2 218.81 72.35 291.16 NOTE
r-devel-linux-x86_64-fedora-clang 2.0.2 625.09 NOTE
r-devel-linux-x86_64-fedora-gcc 2.0.2 529.74 NOTE
r-devel-windows-x86_64 2.0.2 299.00 98.00 397.00 NOTE
r-devel-windows-x86_64-gcc10-UCRT 2.0.2 NOTE
r-patched-linux-x86_64 2.0.2 271.56 91.00 362.56 NOTE
r-patched-solaris-x86 2.0.2 465.00 NOTE
r-release-linux-x86_64 2.0.2 264.90 91.35 356.25 NOTE
r-release-macos-arm64 2.0.2 NOTE
r-release-macos-x86_64 2.0.2 NOTE
r-release-windows-ix86+x86_64 2.0.2 796.00 136.00 932.00 NOTE
r-oldrel-macos-x86_64 2.0.2 NOTE
r-oldrel-windows-ix86+x86_64 2.0.2 571.00 131.00 702.00 NOTE

Check Details

Version: 2.0.2
Check: for GNU extensions in Makefiles
Result: NOTE
    GNU make is a SystemRequirements.
Flavors: r-devel-linux-x86_64-debian-clang, r-devel-linux-x86_64-debian-gcc, r-devel-linux-x86_64-fedora-clang, r-devel-linux-x86_64-fedora-gcc, r-devel-windows-x86_64, r-devel-windows-x86_64-gcc10-UCRT, r-patched-linux-x86_64, r-patched-solaris-x86, r-release-linux-x86_64, r-release-macos-arm64, r-release-macos-x86_64, r-release-windows-ix86+x86_64, r-oldrel-macos-x86_64, r-oldrel-windows-ix86+x86_64

Version: 2.0.2
Check: installed package size
Result: NOTE
     installed size is 28.3Mb
     sub-directories of 1Mb or more:
     libs 27.8Mb
Flavors: r-devel-linux-x86_64-fedora-clang, r-release-macos-arm64, r-release-macos-x86_64, r-oldrel-macos-x86_64