CRAN Package Check Results for Package greta

Last updated on 2021-10-21 04:58:32 CEST.

Flavor Version Tinstall Tcheck Ttotal Status Flags
r-devel-linux-x86_64-debian-clang 0.3.1 51.20 129.36 180.56 NOTE
r-devel-linux-x86_64-debian-gcc 0.3.1 35.88 98.29 134.17 NOTE
r-devel-linux-x86_64-fedora-clang 0.3.1 311.27 NOTE
r-devel-linux-x86_64-fedora-gcc 0.3.1 301.24 NOTE
r-devel-windows-x86_64 0.3.1 71.00 192.00 263.00 NOTE
r-devel-windows-x86_64-gcc10-UCRT 0.3.1 NOTE
r-patched-linux-x86_64 0.3.1 35.71 129.19 164.90 NOTE
r-patched-solaris-x86 0.3.1 261.10 NOTE
r-release-linux-x86_64 0.3.1 40.26 129.76 170.02 NOTE
r-release-macos-arm64 0.3.1 NOTE
r-release-macos-x86_64 0.3.1 NOTE
r-release-windows-ix86+x86_64 0.3.1 56.00 194.00 250.00 NOTE
r-oldrel-macos-x86_64 0.3.1 OK
r-oldrel-windows-ix86+x86_64 0.3.1 82.00 194.00 276.00 OK

Check Details

Version: 0.3.1
Check: LazyData
Result: NOTE
     'LazyData' is specified without a 'data' directory
Flavors: r-devel-linux-x86_64-debian-clang, r-devel-linux-x86_64-debian-gcc, r-devel-linux-x86_64-fedora-clang, r-devel-linux-x86_64-fedora-gcc, r-devel-windows-x86_64, r-devel-windows-x86_64-gcc10-UCRT, r-patched-linux-x86_64, r-patched-solaris-x86, r-release-linux-x86_64, r-release-macos-arm64, r-release-macos-x86_64, r-release-windows-ix86+x86_64

Version: 0.3.1
Check: dependencies in R code
Result: NOTE
    Warning: please export TSAN_OPTIONS='ignore_noninstrumented_modules=1' to avoid false positive reports from the OpenMP runtime.!
Flavor: r-devel-linux-x86_64-fedora-clang

Version: 0.3.1
Check: package dependencies
Result: NOTE
    Package suggested but not available for checking: 'DiagrammeR'
Flavor: r-devel-windows-x86_64-gcc10-UCRT

Version: 0.3.1
Check: Rd cross-references
Result: NOTE
    Package unavailable to check Rd xrefs: 'DiagrammeR'
Flavor: r-devel-windows-x86_64-gcc10-UCRT