CRAN Package Check Results for Package grattan

Last updated on 2022-10-05 00:04:31 CEST.

Flavor Version Tinstall Tcheck Ttotal Status Flags
r-devel-linux-x86_64-debian-clang 2.0.0.0 19.66 81.61 101.27 NOTE
r-devel-linux-x86_64-debian-gcc 2.0.0.0 13.47 57.49 70.96 NOTE
r-devel-linux-x86_64-fedora-clang 2.0.0.0 131.57 NOTE
r-devel-linux-x86_64-fedora-gcc 2.0.0.0 123.40 NOTE
r-devel-windows-x86_64 2.0.0.0 92.00 122.00 214.00 NOTE
r-patched-linux-x86_64 2.0.0.0 15.90 70.44 86.34 NOTE
r-release-linux-x86_64 2.0.0.0 15.30 71.38 86.68 NOTE
r-release-macos-arm64 2.0.0.0 40.00 NOTE
r-release-macos-x86_64 2.0.0.0 53.00 NOTE
r-release-windows-x86_64 2.0.0.0 107.00 102.00 209.00 NOTE
r-oldrel-macos-arm64 2.0.0.0 36.00 NOTE
r-oldrel-macos-x86_64 2.0.0.0 53.00 NOTE
r-oldrel-windows-ix86+x86_64 2.0.0.0 74.00 137.00 211.00 NOTE

Check Details

Version: 2.0.0.0
Check: package dependencies
Result: NOTE
    Packages suggested but not available for checking:
     'taxstats', 'taxstats1516'
Flavors: r-devel-linux-x86_64-debian-clang, r-devel-linux-x86_64-debian-gcc, r-devel-linux-x86_64-fedora-clang, r-devel-linux-x86_64-fedora-gcc, r-devel-windows-x86_64, r-patched-linux-x86_64, r-release-linux-x86_64, r-release-macos-arm64, r-release-macos-x86_64, r-release-windows-x86_64, r-oldrel-macos-arm64, r-oldrel-macos-x86_64, r-oldrel-windows-ix86+x86_64