CRAN Package Check Results for Package graphkernels

Last updated on 2022-06-30 05:57:53 CEST.

Flavor Version Tinstall Tcheck Ttotal Status Flags
r-devel-linux-x86_64-debian-clang 1.6.1 45.73 66.08 111.81 OK
r-devel-linux-x86_64-debian-gcc 1.6.1 41.51 52.33 93.84 OK
r-devel-linux-x86_64-fedora-clang 1.6.1 162.74 NOTE
r-devel-linux-x86_64-fedora-gcc 1.6.1 161.00 OK
r-devel-windows-x86_64 1.6.1 83.00 116.00 199.00 OK
r-patched-linux-x86_64 1.6.1 47.52 65.34 112.86 OK
r-release-linux-x86_64 1.6.1 40.23 63.87 104.10 OK
r-release-macos-arm64 1.6.1 49.00 NOTE
r-release-macos-x86_64 1.6.1 63.00 NOTE
r-release-windows-x86_64 1.6.1 67.00 118.00 185.00 OK
r-oldrel-macos-arm64 1.6.1 44.00 NOTE
r-oldrel-macos-x86_64 1.6.1 61.00 NOTE
r-oldrel-windows-ix86+x86_64 1.6.1 113.00 163.00 276.00 OK

Check Details

Version: 1.6.1
Check: installed package size
Result: NOTE
     installed size is 9.3Mb
     sub-directories of 1Mb or more:
     libs 9.1Mb
Flavors: r-devel-linux-x86_64-fedora-clang, r-release-macos-arm64, r-release-macos-x86_64, r-oldrel-macos-arm64, r-oldrel-macos-x86_64